CRAN Package Check Results for Package preputils

Last updated on 2025-02-02 14:48:31 CET.

Flavor Version Tinstall Tcheck Ttotal Status Flags
r-devel-linux-x86_64-debian-clang 1.0.3 2.33 22.86 25.19 OK
r-devel-linux-x86_64-debian-gcc 1.0.3 1.64 18.14 19.78 OK
r-devel-linux-x86_64-fedora-clang 1.0.3 39.63 OK
r-devel-linux-x86_64-fedora-gcc 1.0.3 37.25 OK
r-devel-windows-x86_64 1.0.3 3.00 46.00 49.00 OK
r-patched-linux-x86_64 1.0.3 2.12 21.16 23.28 NOTE
r-release-linux-x86_64 1.0.3 1.89 21.25 23.14 NOTE
r-release-macos-arm64 1.0.3 18.00 NOTE
r-release-macos-x86_64 1.0.3 23.00 NOTE
r-release-windows-x86_64 1.0.3 3.00 48.00 51.00 NOTE
r-oldrel-macos-arm64 1.0.3 21.00 NOTE
r-oldrel-macos-x86_64 1.0.3 23.00 NOTE
r-oldrel-windows-x86_64 1.0.3 4.00 50.00 54.00 NOTE

Check Details

Version: 1.0.3
Check: LazyData
Result: NOTE 'LazyData' is specified without a 'data' directory Flavors: r-patched-linux-x86_64, r-release-linux-x86_64, r-release-macos-arm64, r-release-macos-x86_64, r-release-windows-x86_64, r-oldrel-macos-arm64, r-oldrel-macos-x86_64, r-oldrel-windows-x86_64

These binaries (installable software) and packages are in development.
They may not be fully stable and should be used with caution. We make no claims about them.