CRAN Package Check Results for Package preregr

Last updated on 2025-05-21 23:48:51 CEST.

Flavor Version Tinstall Tcheck Ttotal Status Flags
r-devel-linux-x86_64-debian-clang 0.2.9 4.43 92.07 96.50 NOTE
r-devel-linux-x86_64-debian-gcc 0.2.9 3.03 73.10 76.13 NOTE
r-devel-linux-x86_64-fedora-clang 0.2.9 152.11 NOTE
r-devel-linux-x86_64-fedora-gcc 0.2.9 163.86 NOTE
r-devel-windows-x86_64 0.2.9 6.00 153.00 159.00 NOTE
r-patched-linux-x86_64 0.2.9 4.65 88.03 92.68 NOTE
r-release-linux-x86_64 0.2.9 3.86 88.18 92.04 NOTE
r-release-macos-arm64 0.2.9 100.00 NOTE
r-release-macos-x86_64 0.2.9 143.00 NOTE
r-release-windows-x86_64 0.2.9 6.00 134.00 140.00 NOTE
r-oldrel-macos-arm64 0.2.9 106.00 NOTE
r-oldrel-macos-x86_64 0.2.9 118.00 NOTE
r-oldrel-windows-x86_64 0.2.9 8.00 151.00 159.00 NOTE

Check Details

Version: 0.2.9
Check: Rd files
Result: NOTE checkRd: (-1) prereg_initialize.Rd:20: Lost braces; missing escapes or markup? 20 | the (pre)registration form specification (in {preregr} format), see the | ^ checkRd: (-1) prereg_initialize.Rd:23: Lost braces; missing escapes or markup? 23 | specification, or a loaded or imported {preregr} (pre)registration form. | ^ checkRd: (-1) prereg_initialize.Rd:26: Lost braces; missing escapes or markup? 26 | For an introduction to working with {preregr} (pre)registrations, | ^ checkRd: (-1) rmd_templates.Rd:75: Lost braces; missing escapes or markup? 75 | This function creates an R Markdown template from a {preregr} | ^ checkRd: (-1) rmd_templates.Rd:77: Lost braces; missing escapes or markup? 77 | Sheet holding the (pre)registration form specification (in {preregr} | ^ checkRd: (-1) rmd_templates.Rd:81: Lost braces; missing escapes or markup? 81 | specification, or a loaded or imported {preregr} (pre)registration form. | ^ Flavors: r-devel-linux-x86_64-debian-clang, r-devel-linux-x86_64-debian-gcc, r-devel-linux-x86_64-fedora-clang, r-devel-linux-x86_64-fedora-gcc, r-devel-windows-x86_64, r-patched-linux-x86_64, r-release-linux-x86_64, r-release-macos-arm64, r-release-macos-x86_64, r-release-windows-x86_64, r-oldrel-macos-arm64, r-oldrel-macos-x86_64, r-oldrel-windows-x86_64

These binaries (installable software) and packages are in development.
They may not be fully stable and should be used with caution. We make no claims about them.