Last updated on 2025-05-22 11:56:37 CEST.
Flavor | Version | Tinstall | Tcheck | Ttotal | Status | Flags |
---|---|---|---|---|---|---|
r-devel-linux-x86_64-debian-clang | 2.1.0 | 3.65 | 30.88 | 34.53 | NOTE | |
r-devel-linux-x86_64-debian-gcc | 2.1.0 | 2.54 | 24.94 | 27.48 | NOTE | |
r-devel-linux-x86_64-fedora-clang | 2.1.0 | 56.62 | OK | |||
r-devel-linux-x86_64-fedora-gcc | 2.1.0 | 53.06 | OK | |||
r-devel-windows-x86_64 | 2.1.0 | 6.00 | 70.00 | 76.00 | OK | |
r-patched-linux-x86_64 | 2.1.0 | 3.64 | 30.29 | 33.93 | OK | |
r-release-linux-x86_64 | 2.1.0 | 3.66 | 30.12 | 33.78 | OK | |
r-release-macos-arm64 | 2.1.0 | 23.00 | OK | |||
r-release-macos-x86_64 | 2.1.0 | 35.00 | OK | |||
r-release-windows-x86_64 | 2.1.0 | 5.00 | 96.00 | 101.00 | OK | |
r-oldrel-macos-arm64 | 2.1.0 | 23.00 | OK | |||
r-oldrel-macos-x86_64 | 2.1.0 | 32.00 | OK | |||
r-oldrel-windows-x86_64 | 2.1.0 | 6.00 | 58.00 | 64.00 | OK |
Version: 2.1.0
Check: CRAN incoming feasibility
Result: NOTE
Maintainer: ‘Matthew A. Birk <matthewabirk@gmail.com>’
No Authors@R field in DESCRIPTION.
Please add one, modifying
Authors@R: person(given = c("Matthew", "A."),
family = "Birk",
role = c("aut", "cre"),
email = "matthewabirk@gmail.com")
as necessary.
Flavors: r-devel-linux-x86_64-debian-clang, r-devel-linux-x86_64-debian-gcc
These binaries (installable software) and packages are in development.
They may not be fully stable and should be used with caution. We make no claims about them.