Last updated on 2025-10-23 11:50:23 CEST.
Flavor | Version | Tinstall | Tcheck | Ttotal | Status | Flags |
---|---|---|---|---|---|---|
r-devel-linux-x86_64-debian-clang | 0.3.7 | 3.09 | 40.72 | 43.81 | OK | |
r-devel-linux-x86_64-debian-gcc | 0.3.7 | 2.58 | 30.41 | 32.99 | NOTE | |
r-devel-linux-x86_64-fedora-clang | 0.3.7 | 17.00 | 56.06 | 73.06 | NOTE | |
r-devel-linux-x86_64-fedora-gcc | 0.3.7 | 12.00 | 71.06 | 83.06 | NOTE | |
r-devel-windows-x86_64 | 0.3.7 | 6.00 | 59.00 | 65.00 | OK | |
r-patched-linux-x86_64 | 0.3.7 | 3.54 | 38.64 | 42.18 | OK | |
r-release-linux-x86_64 | 0.3.7 | 2.81 | 38.68 | 41.49 | OK | |
r-release-macos-arm64 | 0.3.7 | 2.00 | 35.00 | 37.00 | OK | |
r-release-macos-x86_64 | 0.3.7 | 3.00 | 48.00 | 51.00 | OK | |
r-release-windows-x86_64 | 0.3.7 | 6.00 | 59.00 | 65.00 | OK | |
r-oldrel-macos-arm64 | 0.3.7 | 2.00 | 27.00 | 29.00 | OK | |
r-oldrel-macos-x86_64 | 0.3.7 | 2.00 | 51.00 | 53.00 | OK | |
r-oldrel-windows-x86_64 | 0.3.7 | 7.00 | 69.00 | 76.00 | OK |
Version: 0.3.7
Check: Rd files
Result: NOTE
checkRd: (-1) launch_presize_app.Rd:22: height/width attributes should be in pixels
Flavors: r-devel-linux-x86_64-debian-gcc, r-devel-linux-x86_64-fedora-clang, r-devel-linux-x86_64-fedora-gcc
These binaries (installable software) and packages are in development.
They may not be fully stable and should be used with caution. We make no claims about them.