CRAN Package Check Results for Package presmTP

Last updated on 2025-11-11 15:50:43 CET.

Flavor Version Tinstall Tcheck Ttotal Status Flags
r-devel-linux-x86_64-debian-clang 1.1.0 5.28 58.20 63.48 NOTE
r-devel-linux-x86_64-debian-gcc 1.1.0 4.30 44.19 48.49 NOTE
r-devel-linux-x86_64-fedora-clang 1.1.0 14.00 84.51 98.51 OK
r-devel-linux-x86_64-fedora-gcc 1.1.0 13.00 82.73 95.73 OK
r-devel-windows-x86_64 1.1.0 7.00 66.00 73.00 OK
r-patched-linux-x86_64 1.1.0 6.67 55.70 62.37 OK
r-release-linux-x86_64 1.1.0 6.53 56.12 62.65 OK
r-release-macos-arm64 1.1.0 4.00 33.00 37.00 OK
r-release-macos-x86_64 1.1.0 6.00 51.00 57.00 OK
r-release-windows-x86_64 1.1.0 9.00 66.00 75.00 OK
r-oldrel-macos-arm64 1.1.0 3.00 27.00 30.00 OK
r-oldrel-macos-x86_64 1.1.0 6.00 39.00 45.00 OK
r-oldrel-windows-x86_64 1.1.0 9.00 84.00 93.00 OK

Check Details

Version: 1.1.0
Check: CRAN incoming feasibility
Result: NOTE Maintainer: ‘Gustavo Soutinho <gustavosoutinho@sapo.pt>’ No Authors@R field in DESCRIPTION. Please add one, modifying Authors@R: c(person(given = "Gustavo", family = "Soutinho", role = c("aut", "cre"), email = "gustavosoutinho@sapo.pt"), person(given = "Luis", family = "Meira-Machado", role = "aut"), person(given = "Pedro", family = "Oliveira", role = "aut")) as necessary. Flavors: r-devel-linux-x86_64-debian-clang, r-devel-linux-x86_64-debian-gcc

These binaries (installable software) and packages are in development.
They may not be fully stable and should be used with caution. We make no claims about them.