Last updated on 2025-11-12 12:53:18 CET.
| Flavor | Version | Tinstall | Tcheck | Ttotal | Status | Flags |
|---|---|---|---|---|---|---|
| r-devel-linux-x86_64-debian-clang | 0.2.5 | 43.59 | 417.39 | 460.98 | OK | |
| r-devel-linux-x86_64-debian-gcc | 0.2.5 | 33.35 | 291.90 | 325.25 | OK | |
| r-devel-linux-x86_64-fedora-clang | 0.2.5 | 98.00 | 632.21 | 730.21 | OK | |
| r-devel-linux-x86_64-fedora-gcc | 0.2.5 | 97.00 | 609.11 | 706.11 | OK | |
| r-devel-windows-x86_64 | 0.2.5 | 43.00 | 312.00 | 355.00 | OK | |
| r-patched-linux-x86_64 | 0.2.5 | 44.71 | 386.31 | 431.02 | OK | |
| r-release-linux-x86_64 | 0.2.5 | 42.57 | 395.09 | 437.66 | OK | |
| r-release-macos-arm64 | 0.2.5 | 18.00 | 130.00 | 148.00 | OK | |
| r-release-macos-x86_64 | 0.2.5 | 68.00 | 397.00 | 465.00 | OK | |
| r-release-windows-x86_64 | 0.2.5 | 43.00 | 316.00 | 359.00 | OK | |
| r-oldrel-macos-arm64 | 0.2.5 | 17.00 | 127.00 | 144.00 | NOTE | |
| r-oldrel-macos-x86_64 | 0.2.5 | 62.00 | 462.00 | 524.00 | NOTE | |
| r-oldrel-windows-x86_64 | 0.2.5 | 60.00 | 498.00 | 558.00 | NOTE |
Version: 0.2.5
Check: installed package size
Result: NOTE
installed size is 10.1Mb
sub-directories of 1Mb or more:
extdata 9.7Mb
Flavors: r-oldrel-macos-arm64, r-oldrel-macos-x86_64, r-oldrel-windows-x86_64
These binaries (installable software) and packages are in development.
They may not be fully stable and should be used with caution. We make no claims about them.