Last updated on 2025-07-02 01:51:46 CEST.
Flavor | Version | Tinstall | Tcheck | Ttotal | Status | Flags |
---|---|---|---|---|---|---|
r-devel-linux-x86_64-debian-clang | 0.2.5 | 45.36 | 405.84 | 451.20 | OK | |
r-devel-linux-x86_64-debian-gcc | 0.2.5 | 34.04 | 276.37 | 310.41 | OK | |
r-devel-linux-x86_64-fedora-clang | 0.2.5 | 710.78 | OK | |||
r-devel-linux-x86_64-fedora-gcc | 0.2.5 | 678.28 | OK | |||
r-devel-windows-x86_64 | 0.2.5 | 43.00 | 305.00 | 348.00 | OK | |
r-patched-linux-x86_64 | OK | |||||
r-release-linux-x86_64 | 0.2.5 | 44.69 | 391.44 | 436.13 | OK | |
r-release-macos-arm64 | 0.2.5 | 148.00 | OK | |||
r-release-macos-x86_64 | 0.2.5 | 465.00 | OK | |||
r-release-windows-x86_64 | 0.2.5 | 41.00 | 302.00 | 343.00 | OK | |
r-oldrel-macos-arm64 | 0.2.5 | 144.00 | NOTE | |||
r-oldrel-macos-x86_64 | 0.2.5 | 524.00 | NOTE | |||
r-oldrel-windows-x86_64 | 0.2.5 | 56.00 | 434.00 | 490.00 | NOTE |
Version: 0.2.5
Check: installed package size
Result: NOTE
installed size is 10.1Mb
sub-directories of 1Mb or more:
extdata 9.7Mb
Flavors: r-oldrel-macos-arm64, r-oldrel-macos-x86_64, r-oldrel-windows-x86_64
These binaries (installable software) and packages are in development.
They may not be fully stable and should be used with caution. We make no claims about them.