Last updated on 2025-02-19 17:51:00 CET.
Flavor | Version | Tinstall | Tcheck | Ttotal | Status | Flags |
---|---|---|---|---|---|---|
r-devel-linux-x86_64-debian-clang | 0.2.4 | 41.82 | 369.08 | 410.90 | OK | |
r-devel-linux-x86_64-debian-gcc | 0.2.4 | 28.20 | 231.04 | 259.24 | OK | |
r-devel-linux-x86_64-fedora-clang | 0.2.4 | 650.99 | OK | |||
r-devel-linux-x86_64-fedora-gcc | 0.2.4 | 611.42 | OK | |||
r-devel-macos-arm64 | 0.2.4 | 137.00 | OK | |||
r-devel-macos-x86_64 | 0.2.4 | 349.00 | OK | |||
r-devel-windows-x86_64 | 0.2.4 | 37.00 | 282.00 | 319.00 | OK | |
r-patched-linux-x86_64 | 0.2.4 | 37.98 | 339.66 | 377.64 | OK | |
r-release-linux-x86_64 | 0.2.4 | 39.88 | 342.95 | 382.83 | OK | |
r-release-macos-arm64 | 0.2.4 | 136.00 | NOTE | |||
r-release-macos-x86_64 | 0.2.4 | 266.00 | NOTE | |||
r-release-windows-x86_64 | 0.2.4 | 39.00 | 278.00 | 317.00 | NOTE | |
r-oldrel-macos-arm64 | 0.2.4 | 150.00 | NOTE | |||
r-oldrel-macos-x86_64 | 0.2.4 | 311.00 | NOTE | |||
r-oldrel-windows-x86_64 | 0.2.4 | 52.00 | 356.00 | 408.00 | NOTE |
Version: 0.2.4
Check: installed package size
Result: NOTE
installed size is 10.0Mb
sub-directories of 1Mb or more:
extdata 9.7Mb
Flavors: r-release-macos-arm64, r-release-macos-x86_64, r-release-windows-x86_64, r-oldrel-macos-arm64, r-oldrel-macos-x86_64, r-oldrel-windows-x86_64
These binaries (installable software) and packages are in development.
They may not be fully stable and should be used with caution. We make no claims about them.