Last updated on 2025-10-23 11:50:23 CEST.
Flavor | Version | Tinstall | Tcheck | Ttotal | Status | Flags |
---|---|---|---|---|---|---|
r-devel-linux-x86_64-debian-clang | 0.2.5 | 46.83 | 415.24 | 462.07 | OK | |
r-devel-linux-x86_64-debian-gcc | 0.2.5 | 33.38 | 268.33 | 301.71 | OK | |
r-devel-linux-x86_64-fedora-clang | 0.2.5 | 100.00 | 626.25 | 726.25 | OK | |
r-devel-linux-x86_64-fedora-gcc | 0.2.5 | 106.00 | 621.54 | 727.54 | OK | |
r-devel-windows-x86_64 | 0.2.5 | 44.00 | 319.00 | 363.00 | OK | |
r-patched-linux-x86_64 | 0.2.5 | 48.45 | 394.59 | 443.04 | OK | |
r-release-linux-x86_64 | 0.2.5 | 40.35 | 394.77 | 435.12 | OK | |
r-release-macos-arm64 | 0.2.5 | 18.00 | 130.00 | 148.00 | OK | |
r-release-macos-x86_64 | 0.2.5 | 68.00 | 397.00 | 465.00 | OK | |
r-release-windows-x86_64 | 0.2.5 | 44.00 | 314.00 | 358.00 | OK | |
r-oldrel-macos-arm64 | 0.2.5 | 17.00 | 127.00 | 144.00 | NOTE | |
r-oldrel-macos-x86_64 | 0.2.5 | 62.00 | 462.00 | 524.00 | NOTE | |
r-oldrel-windows-x86_64 | 0.2.5 | 60.00 | 440.00 | 500.00 | NOTE |
Version: 0.2.5
Check: installed package size
Result: NOTE
installed size is 10.1Mb
sub-directories of 1Mb or more:
extdata 9.7Mb
Flavors: r-oldrel-macos-arm64, r-oldrel-macos-x86_64, r-oldrel-windows-x86_64
These binaries (installable software) and packages are in development.
They may not be fully stable and should be used with caution. We make no claims about them.