Last updated on 2025-02-19 06:50:57 CET.
Flavor | Version | Tinstall | Tcheck | Ttotal | Status | Flags |
---|---|---|---|---|---|---|
r-devel-linux-x86_64-debian-clang | 2.6.1 | 6.03 | 46.38 | 52.41 | OK | |
r-devel-linux-x86_64-debian-gcc | 2.6.1 | 3.99 | 35.99 | 39.98 | OK | |
r-devel-linux-x86_64-fedora-clang | 2.6.1 | 89.63 | OK | |||
r-devel-linux-x86_64-fedora-gcc | 2.6.1 | 77.35 | OK | |||
r-devel-macos-arm64 | 2.6.1 | 31.00 | OK | |||
r-devel-macos-x86_64 | 2.6.1 | 51.00 | OK | |||
r-devel-windows-x86_64 | 2.6.1 | 8.00 | 67.00 | 75.00 | OK | |
r-patched-linux-x86_64 | 2.6.1 | 6.15 | 43.49 | 49.64 | OK | |
r-release-linux-x86_64 | 2.6.1 | 4.38 | 43.77 | 48.15 | OK | |
r-release-macos-arm64 | 2.6.1 | 26.00 | NOTE | |||
r-release-macos-x86_64 | 2.6.1 | 55.00 | NOTE | |||
r-release-windows-x86_64 | 2.6.1 | 8.00 | 65.00 | 73.00 | NOTE | |
r-oldrel-macos-arm64 | 2.6.1 | 34.00 | NOTE | |||
r-oldrel-macos-x86_64 | 2.6.1 | 47.00 | NOTE | |||
r-oldrel-windows-x86_64 | 2.6.1 | 10.00 | 73.00 | 83.00 | NOTE |
Version: 2.6.1
Check: installed package size
Result: NOTE
installed size is 5.5Mb
sub-directories of 1Mb or more:
shinyApp 5.4Mb
Flavors: r-release-macos-arm64, r-release-macos-x86_64, r-release-windows-x86_64, r-oldrel-macos-arm64, r-oldrel-macos-x86_64, r-oldrel-windows-x86_64
These binaries (installable software) and packages are in development.
They may not be fully stable and should be used with caution. We make no claims about them.