Last updated on 2024-07-27 15:50:29 CEST.
Flavor | Version | Tinstall | Tcheck | Ttotal | Status | Flags |
---|---|---|---|---|---|---|
r-devel-linux-x86_64-debian-clang | 2.6.1 | 7.27 | 59.88 | 67.15 | OK | |
r-devel-linux-x86_64-debian-gcc | 2.6.1 | OK | ||||
r-devel-linux-x86_64-fedora-clang | 2.6.1 | 86.70 | NOTE | |||
r-devel-linux-x86_64-fedora-gcc | 2.6.1 | 81.30 | OK | |||
r-devel-windows-x86_64 | 2.6.1 | 8.00 | 68.00 | 76.00 | NOTE | |
r-patched-linux-x86_64 | 2.6.1 | OK | ||||
r-release-linux-x86_64 | 2.6.1 | 6.41 | 54.75 | 61.16 | OK | |
r-release-macos-arm64 | 2.6.1 | 26.00 | NOTE | |||
r-release-macos-x86_64 | 2.6.1 | 55.00 | NOTE | |||
r-release-windows-x86_64 | 2.6.1 | 9.00 | 65.00 | 74.00 | NOTE | |
r-oldrel-macos-arm64 | 2.6.1 | 34.00 | NOTE | |||
r-oldrel-macos-x86_64 | 2.6.1 | 47.00 | NOTE | |||
r-oldrel-windows-x86_64 | 2.6.1 | 10.00 | 71.00 | 81.00 | NOTE |
Version: 2.6.1
Check: installed package size
Result: NOTE
installed size is 5.6Mb
sub-directories of 1Mb or more:
shinyApp 5.4Mb
Flavors: r-devel-linux-x86_64-fedora-clang, r-devel-windows-x86_64, r-release-macos-arm64, r-release-macos-x86_64, r-release-windows-x86_64, r-oldrel-macos-arm64, r-oldrel-macos-x86_64, r-oldrel-windows-x86_64
These binaries (installable software) and packages are in development.
They may not be fully stable and should be used with caution. We make no claims about them.