CRAN Package Check Results for Package prettycode

Last updated on 2025-02-16 08:50:57 CET.

Flavor Version Tinstall Tcheck Ttotal Status Flags
r-devel-linux-x86_64-debian-clang 1.1.0 2.10 21.10 23.20 OK
r-devel-linux-x86_64-debian-gcc 1.1.0 1.55 17.15 18.70 OK
r-devel-linux-x86_64-fedora-clang 1.1.0 37.76 OK
r-devel-linux-x86_64-fedora-gcc 1.1.0 35.44 OK
r-devel-macos-arm64 1.1.0 17.00 OK
r-devel-macos-x86_64 1.1.0 25.00 OK
r-devel-windows-x86_64 1.1.0 4.00 43.00 47.00 OK
r-patched-linux-x86_64 1.1.0 1.98 20.22 22.20 NOTE
r-release-linux-x86_64 1.1.0 1.96 20.08 22.04 NOTE
r-release-macos-arm64 1.1.0 20.00 NOTE
r-release-macos-x86_64 1.1.0 23.00 NOTE
r-release-windows-x86_64 1.1.0 4.00 48.00 52.00 NOTE
r-oldrel-macos-arm64 1.1.0 17.00 NOTE
r-oldrel-macos-x86_64 1.1.0 22.00 NOTE
r-oldrel-windows-x86_64 1.1.0 3.00 52.00 55.00 NOTE

Check Details

Version: 1.1.0
Check: LazyData
Result: NOTE 'LazyData' is specified without a 'data' directory Flavors: r-patched-linux-x86_64, r-release-linux-x86_64, r-release-macos-arm64, r-release-macos-x86_64, r-release-windows-x86_64, r-oldrel-macos-arm64, r-oldrel-macos-x86_64, r-oldrel-windows-x86_64

These binaries (installable software) and packages are in development.
They may not be fully stable and should be used with caution. We make no claims about them.