CRAN Package Check Results for Package prettydoc

Last updated on 2025-11-12 18:50:42 CET.

Flavor Version Tinstall Tcheck Ttotal Status Flags
r-devel-linux-x86_64-debian-clang 0.4.1 2.61 41.62 44.23 OK
r-devel-linux-x86_64-debian-gcc 0.4.1 2.13 32.95 35.08 OK
r-devel-linux-x86_64-fedora-clang 0.4.1 66.63 OK
r-devel-linux-x86_64-fedora-gcc 0.4.1 78.05 OK
r-devel-windows-x86_64 0.4.1 8.00 67.00 75.00 OK
r-patched-linux-x86_64 0.4.1 2.41 39.93 42.34 OK
r-release-linux-x86_64 0.4.1 2.57 40.20 42.77 OK
r-release-macos-arm64 0.4.1 2.00 36.00 38.00 OK
r-release-macos-x86_64 0.4.1 2.00 61.00 63.00 OK
r-release-windows-x86_64 0.4.1 6.00 64.00 70.00 OK
r-oldrel-macos-arm64 0.4.1 1.00 33.00 34.00 NOTE
r-oldrel-macos-x86_64 0.4.1 2.00 45.00 47.00 NOTE
r-oldrel-windows-x86_64 0.4.1 7.00 70.00 77.00 NOTE

Check Details

Version: 0.4.1
Check: LazyData
Result: NOTE 'LazyData' is specified without a 'data' directory Flavors: r-oldrel-macos-arm64, r-oldrel-macos-x86_64, r-oldrel-windows-x86_64

These binaries (installable software) and packages are in development.
They may not be fully stable and should be used with caution. We make no claims about them.