CRAN Package Check Results for Package prettydoc

Last updated on 2025-02-02 23:50:28 CET.

Flavor Version Tinstall Tcheck Ttotal Status Flags
r-devel-linux-x86_64-debian-clang 0.4.1 2.90 39.19 42.09 OK
r-devel-linux-x86_64-debian-gcc 0.4.1 2.05 31.95 34.00 OK
r-devel-linux-x86_64-fedora-clang 0.4.1 69.26 OK
r-devel-linux-x86_64-fedora-gcc 0.4.1 79.33 OK
r-devel-windows-x86_64 0.4.1 5.00 65.00 70.00 OK
r-patched-linux-x86_64 0.4.1 2.47 37.50 39.97 NOTE
r-release-linux-x86_64 0.4.1 2.16 37.50 39.66 NOTE
r-release-macos-arm64 0.4.1 34.00 NOTE
r-release-macos-x86_64 0.4.1 47.00 NOTE
r-release-windows-x86_64 0.4.1 5.00 76.00 81.00 NOTE
r-oldrel-macos-arm64 0.4.1 36.00 NOTE
r-oldrel-macos-x86_64 0.4.1 47.00 NOTE
r-oldrel-windows-x86_64 0.4.1 6.00 76.00 82.00 NOTE

Check Details

Version: 0.4.1
Check: LazyData
Result: NOTE 'LazyData' is specified without a 'data' directory Flavors: r-patched-linux-x86_64, r-release-linux-x86_64, r-release-macos-arm64, r-release-macos-x86_64, r-release-windows-x86_64, r-oldrel-macos-arm64, r-oldrel-macos-x86_64, r-oldrel-windows-x86_64

These binaries (installable software) and packages are in development.
They may not be fully stable and should be used with caution. We make no claims about them.