CRAN Package Check Results for Package prettymapr

Last updated on 2025-07-01 11:49:26 CEST.

Flavor Version Tinstall Tcheck Ttotal Status Flags
r-devel-linux-x86_64-debian-clang 0.2.5 2.44 21.67 24.11 NOTE
r-devel-linux-x86_64-debian-gcc 0.2.5 1.90 17.60 19.50 NOTE
r-devel-linux-x86_64-fedora-clang 0.2.5 37.77 OK
r-devel-linux-x86_64-fedora-gcc 0.2.5 35.22 OK
r-devel-windows-x86_64 0.2.5 4.00 43.00 47.00 OK
r-patched-linux-x86_64 OK
r-release-linux-x86_64 0.2.5 2.17 20.24 22.41 OK
r-release-macos-arm64 0.2.5 17.00 OK
r-release-macos-x86_64 0.2.5 27.00 OK
r-release-windows-x86_64 0.2.5 4.00 53.00 57.00 OK
r-oldrel-macos-arm64 0.2.5 16.00 OK
r-oldrel-macos-x86_64 0.2.5 23.00 OK
r-oldrel-windows-x86_64 0.2.5 5.00 47.00 52.00 OK

Check Details

Version: 0.2.5
Check: CRAN incoming feasibility
Result: NOTE Maintainer: ‘Dewey Dunnington <dewey@fishandwhistle.net>’ No Authors@R field in DESCRIPTION. Please add one, modifying Authors@R: person(given = "Dewey", family = "Dunnington", role = c("aut", "cre"), email = "dewey@fishandwhistle.net") as necessary. Flavors: r-devel-linux-x86_64-debian-clang, r-devel-linux-x86_64-debian-gcc

These binaries (installable software) and packages are in development.
They may not be fully stable and should be used with caution. We make no claims about them.