CRAN Package Check Results for Package prevederer

Last updated on 2025-02-02 14:48:31 CET.

Flavor Version Tinstall Tcheck Ttotal Status Flags
r-devel-linux-x86_64-debian-clang 0.0.1 1.95 19.85 21.80 OK
r-devel-linux-x86_64-debian-gcc 0.0.1 1.51 16.39 17.90 OK
r-devel-linux-x86_64-fedora-clang 0.0.1 35.14 OK
r-devel-linux-x86_64-fedora-gcc 0.0.1 33.02 OK
r-devel-windows-x86_64 0.0.1 4.00 45.00 49.00 OK
r-patched-linux-x86_64 0.0.1 1.84 18.70 20.54 NOTE
r-release-linux-x86_64 0.0.1 1.74 18.77 20.51 NOTE
r-release-macos-arm64 0.0.1 15.00 NOTE
r-release-macos-x86_64 0.0.1 23.00 NOTE
r-release-windows-x86_64 0.0.1 4.00 47.00 51.00 NOTE
r-oldrel-macos-arm64 0.0.1 17.00 NOTE
r-oldrel-macos-x86_64 0.0.1 21.00 NOTE
r-oldrel-windows-x86_64 0.0.1 3.00 48.00 51.00 NOTE

Check Details

Version: 0.0.1
Check: LazyData
Result: NOTE 'LazyData' is specified without a 'data' directory Flavors: r-patched-linux-x86_64, r-release-linux-x86_64, r-release-macos-arm64, r-release-macos-x86_64, r-release-windows-x86_64, r-oldrel-macos-arm64, r-oldrel-macos-x86_64, r-oldrel-windows-x86_64

These binaries (installable software) and packages are in development.
They may not be fully stable and should be used with caution. We make no claims about them.