CRAN Package Check Results for Package prevederer

Last updated on 2025-05-08 04:52:14 CEST.

Flavor Version Tinstall Tcheck Ttotal Status Flags
r-devel-linux-x86_64-debian-clang 0.0.1 1.94 21.38 23.32 OK
r-devel-linux-x86_64-debian-gcc 0.0.1 1.53 17.32 18.85 OK
r-devel-linux-x86_64-fedora-clang 0.0.1 34.41 OK
r-devel-linux-x86_64-fedora-gcc 0.0.1 32.85 OK
r-devel-windows-x86_64 0.0.1 3.00 43.00 46.00 OK
r-patched-linux-x86_64 0.0.1 1.85 19.31 21.16 OK
r-release-linux-x86_64 0.0.1 1.60 19.41 21.01 OK
r-release-macos-arm64 0.0.1 20.00 OK
r-release-macos-x86_64 0.0.1 27.00 OK
r-release-windows-x86_64 0.0.1 3.00 45.00 48.00 OK
r-oldrel-macos-arm64 0.0.1 15.00 NOTE
r-oldrel-macos-x86_64 0.0.1 23.00 NOTE
r-oldrel-windows-x86_64 0.0.1 4.00 51.00 55.00 NOTE

Check Details

Version: 0.0.1
Check: LazyData
Result: NOTE 'LazyData' is specified without a 'data' directory Flavors: r-oldrel-macos-arm64, r-oldrel-macos-x86_64, r-oldrel-windows-x86_64

These binaries (installable software) and packages are in development.
They may not be fully stable and should be used with caution. We make no claims about them.