CRAN Package Check Results for Package prevederer

Last updated on 2025-11-13 15:51:20 CET.

Flavor Version Tinstall Tcheck Ttotal Status Flags
r-devel-linux-x86_64-debian-clang 0.0.1 1.90 23.11 25.01 OK
r-devel-linux-x86_64-debian-gcc 0.0.1 1.47 18.88 20.35 OK
r-devel-linux-x86_64-fedora-clang 0.0.1 34.95 OK
r-devel-linux-x86_64-fedora-gcc 0.0.1 33.07 OK
r-devel-windows-x86_64 0.0.1 4.00 42.00 46.00 OK
r-patched-linux-x86_64 0.0.1 2.13 20.71 22.84 OK
r-release-linux-x86_64 0.0.1 1.48 20.91 22.39 OK
r-release-macos-arm64 0.0.1 1.00 19.00 20.00 OK
r-release-macos-x86_64 0.0.1 2.00 25.00 27.00 OK
r-release-windows-x86_64 0.0.1 4.00 42.00 46.00 OK
r-oldrel-macos-arm64 0.0.1 1.00 14.00 15.00 NOTE
r-oldrel-macos-x86_64 0.0.1 2.00 21.00 23.00 NOTE
r-oldrel-windows-x86_64 0.0.1 4.00 48.00 52.00 NOTE

Check Details

Version: 0.0.1
Check: LazyData
Result: NOTE 'LazyData' is specified without a 'data' directory Flavors: r-oldrel-macos-arm64, r-oldrel-macos-x86_64, r-oldrel-windows-x86_64

These binaries (installable software) and packages are in development.
They may not be fully stable and should be used with caution. We make no claims about them.