Last updated on 2025-10-03 05:53:45 CEST.
Flavor | Version | Tinstall | Tcheck | Ttotal | Status | Flags |
---|---|---|---|---|---|---|
r-devel-linux-x86_64-debian-clang | 0.11.0 | 4.96 | 186.30 | 191.26 | NOTE | |
r-devel-linux-x86_64-debian-gcc | 0.11.0 | 3.21 | 119.76 | 122.97 | NOTE | |
r-devel-linux-x86_64-fedora-clang | 0.11.0 | 292.89 | NOTE | |||
r-devel-linux-x86_64-fedora-gcc | 0.11.0 | 290.56 | NOTE | |||
r-devel-windows-x86_64 | 0.11.0 | 8.00 | 172.00 | 180.00 | NOTE | |
r-patched-linux-x86_64 | 0.11.0 | 5.48 | 172.50 | 177.98 | NOTE | |
r-release-linux-x86_64 | 0.11.0 | 5.06 | 173.36 | 178.42 | NOTE | |
r-release-macos-arm64 | 0.11.0 | 87.00 | NOTE | |||
r-release-macos-x86_64 | 0.11.0 | 167.00 | NOTE | |||
r-release-windows-x86_64 | 0.11.0 | 7.00 | 168.00 | 175.00 | NOTE | |
r-oldrel-macos-arm64 | 0.11.0 | 92.00 | OK | |||
r-oldrel-macos-x86_64 | 0.11.0 | 166.00 | OK | |||
r-oldrel-windows-x86_64 | 0.11.0 | 10.00 | 227.00 | 237.00 | OK |
Version: 0.11.0
Check: DESCRIPTION meta-information
Result: NOTE
Missing dependency on R >= 4.2.0 because package code uses the pipe
placeholder syntax added in R 4.2.0.
File(s) using such syntax:
‘estimate_risk.Rd’
Flavors: r-devel-linux-x86_64-debian-clang, r-devel-linux-x86_64-debian-gcc, r-devel-linux-x86_64-fedora-clang, r-devel-linux-x86_64-fedora-gcc, r-devel-windows-x86_64, r-patched-linux-x86_64, r-release-linux-x86_64, r-release-macos-arm64, r-release-macos-x86_64, r-release-windows-x86_64
These binaries (installable software) and packages are in development.
They may not be fully stable and should be used with caution. We make no claims about them.