Last updated on 2025-10-23 15:50:06 CEST.
Flavor | Version | Tinstall | Tcheck | Ttotal | Status | Flags |
---|---|---|---|---|---|---|
r-devel-linux-x86_64-debian-clang | 0.1.1 | 1.57 | 27.20 | 28.77 | NOTE | |
r-devel-linux-x86_64-debian-gcc | 0.1.1 | 1.35 | 21.09 | 22.44 | NOTE | |
r-devel-linux-x86_64-fedora-clang | 0.1.1 | 40.69 | OK | |||
r-devel-linux-x86_64-fedora-gcc | 0.1.1 | 38.89 | OK | |||
r-devel-windows-x86_64 | 0.1.1 | 2.00 | 47.00 | 49.00 | OK | |
r-patched-linux-x86_64 | 0.1.1 | 1.67 | 24.77 | 26.44 | OK | |
r-release-linux-x86_64 | 0.1.1 | 1.66 | 25.00 | 26.66 | OK | |
r-release-macos-arm64 | 0.1.1 | 1.00 | 18.00 | 19.00 | OK | |
r-release-macos-x86_64 | 0.1.1 | 2.00 | 32.00 | 34.00 | OK | |
r-release-windows-x86_64 | 0.1.1 | 3.00 | 50.00 | 53.00 | OK | |
r-oldrel-macos-arm64 | 0.1.1 | 1.00 | 17.00 | 18.00 | NOTE | |
r-oldrel-macos-x86_64 | 0.1.1 | 2.00 | 29.00 | 31.00 | NOTE | |
r-oldrel-windows-x86_64 | 0.1.1 | 2.00 | 60.00 | 62.00 | NOTE |
Version: 0.1.1
Check: CRAN incoming feasibility
Result: NOTE
Maintainer: ‘Florian Privé <florian.prive.21@gmail.com>’
Found the following (possibly) invalid file URIs:
URI: commits/master
From: README.md
URI: /commits/master
From: README.md
Flavors: r-devel-linux-x86_64-debian-clang, r-devel-linux-x86_64-debian-gcc
Version: 0.1.1
Check: HTML version of manual
Result: NOTE
Found the following HTML validation problems:
primefactr-package.html:40:1 (primefactr-package.Rd:8): Warning: missing </ul> before </div>
Flavor: r-devel-linux-x86_64-debian-clang
Version: 0.1.1
Check: LazyData
Result: NOTE
'LazyData' is specified without a 'data' directory
Flavors: r-oldrel-macos-arm64, r-oldrel-macos-x86_64, r-oldrel-windows-x86_64
These binaries (installable software) and packages are in development.
They may not be fully stable and should be used with caution. We make no claims about them.