CRAN Package Check Results for Package primefactr

Last updated on 2025-04-16 00:49:48 CEST.

Flavor Version Tinstall Tcheck Ttotal Status Flags
r-devel-linux-x86_64-debian-clang 0.1.1 1.56 24.23 25.79 OK
r-devel-linux-x86_64-debian-gcc 0.1.1 1.28 18.53 19.81 OK
r-devel-linux-x86_64-fedora-clang 0.1.1 40.99 OK
r-devel-linux-x86_64-fedora-gcc 0.1.1 39.11 OK
r-devel-windows-x86_64 0.1.1 3.00 47.00 50.00 OK
r-patched-linux-x86_64 0.1.1 1.74 23.40 25.14 OK
r-release-linux-x86_64 0.1.1 1.60 24.06 25.66 OK
r-release-macos-arm64 0.1.1 19.00 OK
r-release-macos-x86_64 0.1.1 34.00 OK
r-release-windows-x86_64 0.1.1 2.00 47.00 49.00 OK
r-oldrel-macos-arm64 0.1.1 18.00 NOTE
r-oldrel-macos-x86_64 0.1.1 31.00 NOTE
r-oldrel-windows-x86_64 0.1.1 3.00 52.00 55.00 NOTE

Check Details

Version: 0.1.1
Check: LazyData
Result: NOTE 'LazyData' is specified without a 'data' directory Flavors: r-oldrel-macos-arm64, r-oldrel-macos-x86_64, r-oldrel-windows-x86_64

These binaries (installable software) and packages are in development.
They may not be fully stable and should be used with caution. We make no claims about them.