CRAN Package Check Results for Package primerTree

Last updated on 2025-10-03 01:49:56 CEST.

Flavor Version Tinstall Tcheck Ttotal Status Flags
r-devel-linux-x86_64-debian-clang 1.0.6 10.11 92.36 102.47 NOTE
r-devel-linux-x86_64-debian-gcc 1.0.6 7.33 66.01 73.34 NOTE
r-devel-linux-x86_64-fedora-clang 1.0.6 156.70 OK
r-devel-linux-x86_64-fedora-gcc 1.0.6 149.98 OK
r-devel-windows-x86_64 1.0.6 15.00 98.00 113.00 NOTE
r-patched-linux-x86_64 1.0.6 9.85 87.12 96.97 NOTE
r-release-linux-x86_64 1.0.6 7.61 86.66 94.27 NOTE
r-release-macos-arm64 1.0.6 42.00 OK
r-release-macos-x86_64 1.0.6 69.00 OK
r-release-windows-x86_64 1.0.6 14.00 99.00 113.00 NOTE
r-oldrel-macos-arm64 1.0.6 40.00 OK
r-oldrel-macos-x86_64 1.0.6 58.00 OK
r-oldrel-windows-x86_64 1.0.6 19.00 121.00 140.00 OK

Check Details

Version: 1.0.6
Check: Rd cross-references
Result: NOTE Found the following Rd file(s) with Rd \link{} targets missing package anchors: get_sequence.Rd: DNAbin get_sequences.Rd: DNAbin layout_tree_ape.Rd: phylo, plot.phylo search_primer_pair.Rd: create_progress_bar, response tree_from_alignment.Rd: dist.dna, nj Please provide package anchors for all Rd \link{} targets not in the package itself and the base packages. Flavors: r-devel-linux-x86_64-debian-clang, r-devel-linux-x86_64-debian-gcc, r-devel-windows-x86_64, r-patched-linux-x86_64, r-release-linux-x86_64, r-release-windows-x86_64

These binaries (installable software) and packages are in development.
They may not be fully stable and should be used with caution. We make no claims about them.