Last updated on 2025-02-16 08:50:57 CET.
Flavor | Version | Tinstall | Tcheck | Ttotal | Status | Flags |
---|---|---|---|---|---|---|
r-devel-linux-x86_64-debian-clang | 1.0.0 | 3.51 | 32.84 | 36.35 | OK | |
r-devel-linux-x86_64-debian-gcc | 1.0.0 | 2.32 | 24.44 | 26.76 | OK | |
r-devel-linux-x86_64-fedora-clang | 1.0.0 | 58.59 | OK | |||
r-devel-linux-x86_64-fedora-gcc | 1.0.0 | 55.20 | OK | |||
r-devel-macos-arm64 | 1.0.0 | 22.00 | OK | |||
r-devel-macos-x86_64 | 1.0.0 | 36.00 | OK | |||
r-devel-windows-x86_64 | 1.0.0 | 4.00 | 62.00 | 66.00 | OK | |
r-patched-linux-x86_64 | 1.0.0 | 3.71 | 31.72 | 35.43 | OK | |
r-release-linux-x86_64 | 1.0.0 | 3.66 | 31.33 | 34.99 | OK | |
r-release-macos-arm64 | 1.0.0 | 22.00 | OK | |||
r-release-macos-x86_64 | 1.0.0 | 37.00 | OK | |||
r-release-windows-x86_64 | 1.0.0 | 4.00 | 59.00 | 63.00 | OK | |
r-oldrel-macos-arm64 | 1.0.0 | 23.00 | OK | |||
r-oldrel-macos-x86_64 | 1.0.0 | 31.00 | NOTE | |||
r-oldrel-windows-x86_64 | 1.0.0 | 6.00 | 79.00 | 85.00 | OK |
Version: 1.0.0
Check: package dependencies
Result: NOTE
Package suggested but not available for checking: ‘AER’
Flavor: r-oldrel-macos-x86_64
These binaries (installable software) and packages are in development.
They may not be fully stable and should be used with caution. We make no claims about them.