Last updated on 2025-10-23 23:49:40 CEST.
| Flavor | Version | Tinstall | Tcheck | Ttotal | Status | Flags |
|---|---|---|---|---|---|---|
| r-devel-linux-x86_64-debian-clang | 1.0.1 | 21.87 | 188.38 | 210.25 | OK | |
| r-devel-linux-x86_64-debian-gcc | 1.0.1 | 15.10 | 129.20 | 144.30 | OK | |
| r-devel-linux-x86_64-fedora-clang | 1.0.1 | 116.00 | 229.41 | 345.41 | OK | |
| r-devel-linux-x86_64-fedora-gcc | 1.0.1 | 46.00 | 278.78 | 324.78 | OK | |
| r-devel-windows-x86_64 | 1.0.1 | 18.00 | 163.00 | 181.00 | OK | |
| r-patched-linux-x86_64 | 1.0.1 | 18.48 | 176.88 | 195.36 | OK | |
| r-release-linux-x86_64 | 1.0.1 | 17.55 | 176.42 | 193.97 | OK | |
| r-release-macos-arm64 | 1.0.1 | 5.00 | ERROR | |||
| r-release-macos-x86_64 | 1.0.1 | 25.00 | 158.00 | 183.00 | OK | |
| r-release-windows-x86_64 | 1.0.1 | 19.00 | 168.00 | 187.00 | OK | |
| r-oldrel-macos-arm64 | 1.0.1 | 11.00 | 77.00 | 88.00 | OK | |
| r-oldrel-macos-x86_64 | 1.0.1 | 19.00 | 120.00 | 139.00 | OK | |
| r-oldrel-windows-x86_64 | 1.0.1 | 25.00 | 212.00 | 237.00 | OK |
Version: 1.0.1
Check: package dependencies
Result: ERROR
Package required but not available: ‘org.Hs.eg.db’
See section ‘The DESCRIPTION file’ in the ‘Writing R Extensions’
manual.
Flavor: r-release-macos-arm64
These binaries (installable software) and packages are in development.
They may not be fully stable and should be used with caution. We make no claims about them.