CRAN Package Check Results for Package prioGene

Last updated on 2025-07-05 03:48:45 CEST.

Flavor Version Tinstall Tcheck Ttotal Status Flags
r-devel-linux-x86_64-debian-clang 1.0.1 21.77 187.36 209.13 OK
r-devel-linux-x86_64-debian-gcc 1.0.1 14.29 131.84 146.13 OK
r-devel-linux-x86_64-fedora-clang 1.0.1 335.67 OK
r-devel-linux-x86_64-fedora-gcc 1.0.1 337.85 OK
r-devel-windows-x86_64 1.0.1 19.00 169.00 188.00 OK
r-patched-linux-x86_64 1.0.1 19.76 176.36 196.12 OK
r-release-linux-x86_64 1.0.1 18.69 176.47 195.16 OK
r-release-macos-arm64 1.0.1 5.00 ERROR
r-release-macos-x86_64 1.0.1 183.00 OK
r-release-windows-x86_64 1.0.1 19.00 159.00 178.00 OK
r-oldrel-macos-arm64 1.0.1 88.00 OK
r-oldrel-macos-x86_64 1.0.1 139.00 OK
r-oldrel-windows-x86_64 1.0.1 20.00 212.00 232.00 OK

Check Details

Version: 1.0.1
Check: package dependencies
Result: ERROR Package required but not available: ‘org.Hs.eg.db’ See section ‘The DESCRIPTION file’ in the ‘Writing R Extensions’ manual. Flavor: r-release-macos-arm64

These binaries (installable software) and packages are in development.
They may not be fully stable and should be used with caution. We make no claims about them.