Last updated on 2025-05-24 15:53:20 CEST.
Flavor | Version | Tinstall | Tcheck | Ttotal | Status | Flags |
---|---|---|---|---|---|---|
r-devel-linux-x86_64-debian-clang | 0.5.0 | 168.82 | 93.91 | 262.73 | OK | |
r-devel-linux-x86_64-debian-gcc | 0.5.0 | 122.73 | 69.50 | 192.23 | OK | |
r-devel-linux-x86_64-fedora-clang | 0.5.0 | 507.01 | OK | |||
r-devel-linux-x86_64-fedora-gcc | 0.5.0 | 515.53 | OK | |||
r-devel-windows-x86_64 | 0.5.0 | 241.00 | 127.00 | 368.00 | OK | |
r-patched-linux-x86_64 | 0.5.0 | 170.16 | 88.49 | 258.65 | OK | |
r-release-linux-x86_64 | 0.5.0 | 164.48 | 89.36 | 253.84 | OK | |
r-release-macos-arm64 | 0.5.0 | 105.00 | OK | |||
r-release-macos-x86_64 | 0.5.0 | 148.00 | OK | |||
r-release-windows-x86_64 | 0.5.0 | 243.00 | 127.00 | 370.00 | OK | |
r-oldrel-macos-arm64 | 0.5.0 | 114.00 | NOTE | |||
r-oldrel-macos-x86_64 | 0.5.0 | 121.00 | NOTE | |||
r-oldrel-windows-x86_64 | 0.5.0 | 268.00 | 147.00 | 415.00 | NOTE |
Version: 0.5.0
Check: package dependencies
Result: NOTE
Packages suggested but not available for checking:
'gurobi', 'Rcplex', 'rcbc'
Flavors: r-oldrel-macos-arm64, r-oldrel-macos-x86_64, r-oldrel-windows-x86_64
Version: 0.5.0
Check: installed package size
Result: NOTE
installed size is 10.7Mb
sub-directories of 1Mb or more:
doc 3.6Mb
libs 5.9Mb
Flavors: r-oldrel-macos-arm64, r-oldrel-macos-x86_64, r-oldrel-windows-x86_64
These binaries (installable software) and packages are in development.
They may not be fully stable and should be used with caution. We make no claims about them.