Last updated on 2025-10-23 11:50:23 CEST.
Flavor | Version | Tinstall | Tcheck | Ttotal | Status | Flags |
---|---|---|---|---|---|---|
r-devel-linux-x86_64-debian-clang | 0.5.0 | 163.31 | 105.71 | 269.02 | OK | |
r-devel-linux-x86_64-debian-gcc | 0.5.0 | 108.42 | 80.46 | 188.88 | OK | |
r-devel-linux-x86_64-fedora-clang | 0.5.0 | 434.00 | 75.22 | 509.22 | OK | |
r-devel-linux-x86_64-fedora-gcc | 0.5.0 | 205.00 | 278.27 | 483.27 | OK | |
r-devel-windows-x86_64 | 0.5.0 | 228.00 | 121.00 | 349.00 | OK | |
r-patched-linux-x86_64 | 0.5.0 | 167.96 | 102.10 | 270.06 | OK | |
r-release-linux-x86_64 | 0.5.0 | 171.71 | 101.06 | 272.77 | OK | |
r-release-macos-arm64 | 0.5.0 | 56.00 | 49.00 | 105.00 | OK | |
r-release-macos-x86_64 | 0.5.0 | 52.00 | 96.00 | 148.00 | OK | |
r-release-windows-x86_64 | 0.5.0 | 240.00 | 122.00 | 362.00 | OK | |
r-oldrel-macos-arm64 | 0.5.0 | 64.00 | 50.00 | 114.00 | NOTE | |
r-oldrel-macos-x86_64 | 0.5.0 | 48.00 | 73.00 | 121.00 | NOTE | |
r-oldrel-windows-x86_64 | 0.5.0 | 267.00 | 152.00 | 419.00 | NOTE |
Version: 0.5.0
Check: package dependencies
Result: NOTE
Packages suggested but not available for checking:
'gurobi', 'Rcplex', 'rcbc'
Flavors: r-oldrel-macos-arm64, r-oldrel-macos-x86_64, r-oldrel-windows-x86_64
Version: 0.5.0
Check: installed package size
Result: NOTE
installed size is 10.7Mb
sub-directories of 1Mb or more:
doc 3.6Mb
libs 5.9Mb
Flavors: r-oldrel-macos-arm64, r-oldrel-macos-x86_64, r-oldrel-windows-x86_64
These binaries (installable software) and packages are in development.
They may not be fully stable and should be used with caution. We make no claims about them.