Last updated on 2025-07-26 07:50:30 CEST.
Flavor | Version | Tinstall | Tcheck | Ttotal | Status | Flags |
---|---|---|---|---|---|---|
r-devel-linux-x86_64-debian-clang | 8.0.6 | 364.59 | 404.44 | 769.03 | OK | |
r-devel-linux-x86_64-debian-gcc | 8.0.6 | 245.17 | 266.63 | 511.80 | OK | |
r-devel-linux-x86_64-fedora-clang | 8.0.6 | 1298.86 | OK | |||
r-devel-linux-x86_64-fedora-gcc | 8.0.6 | 1262.59 | OK | |||
r-devel-windows-x86_64 | 8.0.6 | 407.00 | 400.00 | 807.00 | OK | |
r-patched-linux-x86_64 | 8.0.6 | 352.41 | 383.12 | 735.53 | OK | |
r-release-linux-x86_64 | 8.0.6 | 350.55 | 385.89 | 736.44 | OK | |
r-release-macos-arm64 | 8.0.6 | 266.00 | OK | |||
r-release-macos-x86_64 | 8.0.6 | 491.00 | OK | |||
r-release-windows-x86_64 | 8.0.6 | 404.00 | 400.00 | 804.00 | OK | |
r-oldrel-macos-arm64 | 8.0.6 | 304.00 | NOTE | |||
r-oldrel-macos-x86_64 | 8.0.6 | 370.00 | NOTE | |||
r-oldrel-windows-x86_64 | 8.0.6 | 483.00 | 534.00 | 1017.00 | NOTE |
Version: 8.0.6
Check: package dependencies
Result: NOTE
Packages suggested but not available for checking:
'gurobi', 'rcbc', 'cplexAPI'
Flavors: r-oldrel-macos-arm64, r-oldrel-macos-x86_64, r-oldrel-windows-x86_64
Version: 8.0.6
Check: installed package size
Result: NOTE
installed size is 20.0Mb
sub-directories of 1Mb or more:
R 2.0Mb
doc 4.7Mb
libs 11.3Mb
Flavors: r-oldrel-macos-arm64, r-oldrel-macos-x86_64, r-oldrel-windows-x86_64
These binaries (installable software) and packages are in development.
They may not be fully stable and should be used with caution. We make no claims about them.