CRAN Package Check Results for Package prisonbrief

Last updated on 2025-05-08 04:52:14 CEST.

Flavor Version Tinstall Tcheck Ttotal Status Flags
r-devel-linux-x86_64-debian-clang 0.1.2 27.99 208.41 236.40 NOTE
r-devel-linux-x86_64-debian-gcc 0.1.2 16.38 131.05 147.43 NOTE
r-devel-linux-x86_64-fedora-clang 0.1.2 372.31 OK
r-devel-linux-x86_64-fedora-gcc 0.1.2 354.41 OK
r-devel-windows-x86_64 0.1.2 24.00 161.00 185.00 OK
r-patched-linux-x86_64 0.1.2 25.71 193.67 219.38 OK
r-release-linux-x86_64 0.1.2 23.71 195.26 218.97 OK
r-release-macos-arm64 0.1.2 79.00 OK
r-release-macos-x86_64 0.1.2 200.00 OK
r-release-windows-x86_64 0.1.2 23.00 161.00 184.00 OK
r-oldrel-macos-arm64 0.1.2 79.00 OK
r-oldrel-macos-x86_64 0.1.2 176.00 OK
r-oldrel-windows-x86_64 0.1.2 33.00 217.00 250.00 OK

Check Details

Version: 0.1.2
Check: CRAN incoming feasibility
Result: NOTE Maintainer: ‘Danilo Freire <danilofreire@gmail.com>’ Package CITATION file contains call(s) to old-style personList() or as.personList(). Please use c() on person objects instead. Package CITATION file contains call(s) to old-style citEntry(). Please use bibentry() instead. Flavors: r-devel-linux-x86_64-debian-clang, r-devel-linux-x86_64-debian-gcc

These binaries (installable software) and packages are in development.
They may not be fully stable and should be used with caution. We make no claims about them.