CRAN Package Check Results for Package prisonbrief

Last updated on 2025-07-23 21:51:54 CEST.

Flavor Version Tinstall Tcheck Ttotal Status Flags
r-devel-linux-x86_64-debian-clang 0.1.2 27.22 207.54 234.76 NOTE
r-devel-linux-x86_64-debian-gcc 0.1.2 17.71 130.87 148.58 NOTE
r-devel-linux-x86_64-fedora-clang 0.1.2 366.64 OK
r-devel-linux-x86_64-fedora-gcc 0.1.2 350.76 OK
r-devel-windows-x86_64 0.1.2 23.00 158.00 181.00 OK
r-patched-linux-x86_64 0.1.2 23.17 196.23 219.40 OK
r-release-linux-x86_64 0.1.2 24.38 197.92 222.30 OK
r-release-macos-arm64 0.1.2 79.00 OK
r-release-macos-x86_64 0.1.2 200.00 OK
r-release-windows-x86_64 0.1.2 23.00 165.00 188.00 OK
r-oldrel-macos-arm64 0.1.2 79.00 OK
r-oldrel-macos-x86_64 0.1.2 176.00 OK
r-oldrel-windows-x86_64 0.1.2 30.00 222.00 252.00 OK

Check Details

Version: 0.1.2
Check: CRAN incoming feasibility
Result: NOTE Maintainer: ‘Danilo Freire <danilofreire@gmail.com>’ Package CITATION file contains call(s) to old-style personList() or as.personList(). Please use c() on person objects instead. Package CITATION file contains call(s) to old-style citEntry(). Please use bibentry() instead. Flavors: r-devel-linux-x86_64-debian-clang, r-devel-linux-x86_64-debian-gcc

These binaries (installable software) and packages are in development.
They may not be fully stable and should be used with caution. We make no claims about them.