CRAN Package Check Results for Package probe

Last updated on 2025-05-08 04:52:14 CEST.

Flavor Version Tinstall Tcheck Ttotal Status Flags
r-devel-linux-x86_64-debian-clang 1.1 87.64 62.34 149.98 NOTE
r-devel-linux-x86_64-debian-gcc 1.1 58.72 45.66 104.38 NOTE
r-devel-linux-x86_64-fedora-clang 1.1 277.40 OK
r-devel-linux-x86_64-fedora-gcc 1.1 267.23 OK
r-devel-windows-x86_64 1.1 94.00 92.00 186.00 OK
r-patched-linux-x86_64 1.1 82.91 59.60 142.51 OK
r-release-linux-x86_64 1.1 81.77 59.95 141.72 OK
r-release-macos-arm64 1.1 70.00 OK
r-release-macos-x86_64 1.1 97.00 OK
r-release-windows-x86_64 1.1 96.00 95.00 191.00 OK
r-oldrel-macos-arm64 1.1 65.00 OK
r-oldrel-macos-x86_64 1.1 78.00 OK
r-oldrel-windows-x86_64 1.1 111.00 115.00 226.00 OK

Check Details

Version: 1.1
Check: CRAN incoming feasibility
Result: NOTE Maintainer: ‘Alexander McLain <mclaina@mailbox.sc.edu>’ The Description field contains Zgodic, and Bondell (2022) <arXiv:2209.08139>. Please refer to arXiv e-prints via their arXiv DOI <doi:10.48550/arXiv.YYMM.NNNNN>. Flavors: r-devel-linux-x86_64-debian-clang, r-devel-linux-x86_64-debian-gcc

These binaries (installable software) and packages are in development.
They may not be fully stable and should be used with caution. We make no claims about them.