Last updated on 2025-10-09 17:50:47 CEST.
Flavor | Version | Tinstall | Tcheck | Ttotal | Status | Flags |
---|---|---|---|---|---|---|
r-devel-linux-x86_64-debian-clang | 1.1 | 85.11 | 63.38 | 148.49 | NOTE | |
r-devel-linux-x86_64-debian-gcc | 1.1 | 51.69 | 48.82 | 100.51 | NOTE | |
r-devel-linux-x86_64-fedora-clang | 1.1 | 268.64 | OK | |||
r-devel-linux-x86_64-fedora-gcc | 1.1 | 238.72 | OK | |||
r-devel-windows-x86_64 | 1.1 | 97.00 | 94.00 | 191.00 | OK | |
r-patched-linux-x86_64 | 1.1 | 85.64 | 60.92 | 146.56 | OK | |
r-release-linux-x86_64 | 1.1 | 83.95 | 61.33 | 145.28 | OK | |
r-release-macos-arm64 | 1.1 | 70.00 | OK | |||
r-release-macos-x86_64 | 1.1 | 97.00 | OK | |||
r-release-windows-x86_64 | 1.1 | 96.00 | 94.00 | 190.00 | OK | |
r-oldrel-macos-arm64 | 1.1 | 65.00 | OK | |||
r-oldrel-macos-x86_64 | 1.1 | 78.00 | OK | |||
r-oldrel-windows-x86_64 | 1.1 | 115.00 | 116.00 | 231.00 | OK |
Version: 1.1
Check: CRAN incoming feasibility
Result: NOTE
Maintainer: ‘Alexander McLain <mclaina@mailbox.sc.edu>’
The Description field contains
Zgodic, and Bondell (2022) <arXiv:2209.08139>.
Please refer to arXiv e-prints via their arXiv DOI <doi:10.48550/arXiv.YYMM.NNNNN>.
Flavors: r-devel-linux-x86_64-debian-clang, r-devel-linux-x86_64-debian-gcc
These binaries (installable software) and packages are in development.
They may not be fully stable and should be used with caution. We make no claims about them.