Last updated on 2025-10-24 05:50:52 CEST.
| Flavor | Version | Tinstall | Tcheck | Ttotal | Status | Flags |
|---|---|---|---|---|---|---|
| r-devel-linux-x86_64-debian-clang | 0.3.1 | 2.66 | 28.92 | 31.58 | NOTE | |
| r-devel-linux-x86_64-debian-gcc | 0.3.1 | 2.05 | 22.44 | 24.49 | OK | |
| r-devel-linux-x86_64-fedora-clang | 0.3.1 | 46.11 | OK | |||
| r-devel-linux-x86_64-fedora-gcc | 0.3.1 | 50.05 | OK | |||
| r-devel-windows-x86_64 | 0.3.1 | 3.00 | 55.00 | 58.00 | OK | |
| r-patched-linux-x86_64 | 0.3.1 | 2.96 | 27.28 | 30.24 | OK | |
| r-release-linux-x86_64 | 0.3.1 | 2.48 | 27.29 | 29.77 | OK | |
| r-release-macos-arm64 | 0.3.1 | 2.00 | 20.00 | 22.00 | OK | |
| r-release-macos-x86_64 | 0.3.1 | 2.00 | 32.00 | 34.00 | OK | |
| r-release-windows-x86_64 | 0.3.1 | 4.00 | 57.00 | 61.00 | OK | |
| r-oldrel-macos-arm64 | 0.3.1 | 2.00 | 21.00 | 23.00 | OK | |
| r-oldrel-macos-x86_64 | 0.3.1 | 5.00 | 54.00 | 59.00 | OK | |
| r-oldrel-windows-x86_64 | 0.3.1 | 5.00 | 64.00 | 69.00 | OK |
Version: 0.3.1
Check: HTML version of manual
Result: NOTE
Found the following HTML validation problems:
exams.html:55:1 (exams.Rd:15): Warning: missing </ul> before </div>
metricsgrades.html:60:1 (metricsgrades.Rd:17): Warning: missing </ul> before </div>
website.html:56:1 (website.Rd:15): Warning: missing </ul> before </div>
widgets.html:59:1 (widgets.Rd:17): Warning: missing </ul> before </div>
Flavor: r-devel-linux-x86_64-debian-clang
These binaries (installable software) and packages are in development.
They may not be fully stable and should be used with caution. We make no claims about them.