Last updated on 2025-02-16 08:50:57 CET.
Flavor | Version | Tinstall | Tcheck | Ttotal | Status | Flags |
---|---|---|---|---|---|---|
r-devel-linux-x86_64-debian-clang | 0.1.0 | 13.44 | 118.68 | 132.12 | NOTE | |
r-devel-linux-x86_64-debian-gcc | 0.1.0 | 10.08 | 89.35 | 99.43 | NOTE | |
r-devel-linux-x86_64-fedora-clang | 0.1.0 | 208.71 | OK | |||
r-devel-linux-x86_64-fedora-gcc | 0.1.0 | 205.02 | OK | |||
r-devel-macos-arm64 | 0.1.0 | 65.00 | OK | |||
r-devel-macos-x86_64 | 0.1.0 | 146.00 | OK | |||
r-devel-windows-x86_64 | 0.1.0 | 14.00 | 120.00 | 134.00 | NOTE | |
r-patched-linux-x86_64 | 0.1.0 | 18.77 | 107.09 | 125.86 | OK | |
r-release-linux-x86_64 | 0.1.0 | 12.00 | 106.51 | 118.51 | OK | |
r-release-macos-arm64 | 0.1.0 | 60.00 | OK | |||
r-release-macos-x86_64 | 0.1.0 | 92.00 | OK | |||
r-release-windows-x86_64 | 0.1.0 | 13.00 | 115.00 | 128.00 | OK | |
r-oldrel-macos-arm64 | 0.1.0 | 67.00 | OK | |||
r-oldrel-macos-x86_64 | 0.1.0 | 120.00 | OK | |||
r-oldrel-windows-x86_64 | 0.1.0 | 19.00 | 147.00 | 166.00 | OK |
Version: 0.1.0
Check: Rd cross-references
Result: NOTE
Found the following Rd file(s) with Rd \link{} targets missing package
anchors:
prepare_examples.Rd: grouped_log, eventlog, activitylog
Please provide package anchors for all Rd \link{} targets not in the
package itself and the base packages.
Flavors: r-devel-linux-x86_64-debian-clang, r-devel-linux-x86_64-debian-gcc, r-devel-windows-x86_64
These binaries (installable software) and packages are in development.
They may not be fully stable and should be used with caution. We make no claims about them.