CRAN Package Check Results for Package processpredictR

Last updated on 2025-05-08 04:52:14 CEST.

Flavor Version Tinstall Tcheck Ttotal Status Flags
r-devel-linux-x86_64-debian-clang 0.1.0 14.12 126.02 140.14 NOTE
r-devel-linux-x86_64-debian-gcc 0.1.0 11.83 86.47 98.30 NOTE
r-devel-linux-x86_64-fedora-clang 0.1.0 202.31 OK
r-devel-linux-x86_64-fedora-gcc 0.1.0 214.00 OK
r-devel-windows-x86_64 0.1.0 16.00 120.00 136.00 NOTE
r-patched-linux-x86_64 0.1.0 14.28 112.64 126.92 NOTE
r-release-linux-x86_64 0.1.0 13.47 114.84 128.31 NOTE
r-release-macos-arm64 0.1.0 63.00 OK
r-release-macos-x86_64 0.1.0 146.00 OK
r-release-windows-x86_64 0.1.0 15.00 114.00 129.00 NOTE
r-oldrel-macos-arm64 0.1.0 60.00 OK
r-oldrel-macos-x86_64 0.1.0 92.00 OK
r-oldrel-windows-x86_64 0.1.0 20.00 148.00 168.00 OK

Check Details

Version: 0.1.0
Check: CRAN incoming feasibility
Result: NOTE Maintainer: ‘Gert Janssenswillen <gert.janssenswillen@uhasselt.be>’ The Description field contains Monitoring with Transformer Network" <arXiv:2104.00721>. Please refer to arXiv e-prints via their arXiv DOI <doi:10.48550/arXiv.YYMM.NNNNN>. Flavors: r-devel-linux-x86_64-debian-clang, r-devel-linux-x86_64-debian-gcc

Version: 0.1.0
Check: Rd cross-references
Result: NOTE Found the following Rd file(s) with Rd \link{} targets missing package anchors: prepare_examples.Rd: grouped_log, eventlog, activitylog Please provide package anchors for all Rd \link{} targets not in the package itself and the base packages. Flavors: r-devel-linux-x86_64-debian-clang, r-devel-linux-x86_64-debian-gcc, r-devel-windows-x86_64, r-patched-linux-x86_64, r-release-linux-x86_64, r-release-windows-x86_64

These binaries (installable software) and packages are in development.
They may not be fully stable and should be used with caution. We make no claims about them.