Last updated on 2024-07-27 15:50:29 CEST.
Flavor | Version | Tinstall | Tcheck | Ttotal | Status | Flags |
---|---|---|---|---|---|---|
r-devel-linux-x86_64-debian-clang | 1.0.0 | 23.19 | 42.66 | 65.85 | OK | |
r-devel-linux-x86_64-debian-gcc | 1.0.0 | NOTE | ||||
r-devel-linux-x86_64-fedora-clang | 1.0.0 | 90.81 | OK | |||
r-devel-linux-x86_64-fedora-gcc | 1.0.0 | 87.21 | OK | |||
r-devel-windows-x86_64 | 1.0.0 | 16.00 | 71.00 | 87.00 | NOTE | |
r-patched-linux-x86_64 | 1.0.0 | OK | ||||
r-release-linux-x86_64 | 1.0.0 | 17.14 | 39.90 | 57.04 | OK | |
r-release-macos-arm64 | 1.0.0 | 44.00 | OK | |||
r-release-macos-x86_64 | 1.0.0 | 84.00 | OK | |||
r-release-windows-x86_64 | 1.0.0 | 22.00 | 67.00 | 89.00 | OK | |
r-oldrel-macos-arm64 | 1.0.0 | 49.00 | OK | |||
r-oldrel-macos-x86_64 | 1.0.0 | 96.00 | OK | |||
r-oldrel-windows-x86_64 | 1.0.0 | 18.00 | 81.00 | 99.00 | OK |
Version: 1.0.0
Check: Rd cross-references
Result: NOTE
Found the following Rd file(s) with Rd \link{} targets missing package
anchors:
lhmm.Rd: statmod
Please provide package anchors for all Rd \link{} targets not in the
package itself and the base packages.
Flavors: r-devel-linux-x86_64-debian-gcc, r-devel-windows-x86_64
These binaries (installable software) and packages are in development.
They may not be fully stable and should be used with caution. We make no claims about them.