Last updated on 2025-02-19 17:51:00 CET.
Flavor | Version | Tinstall | Tcheck | Ttotal | Status | Flags |
---|---|---|---|---|---|---|
r-devel-linux-x86_64-debian-clang | 1.0.6 | 8.76 | 116.79 | 125.55 | NOTE | |
r-devel-linux-x86_64-debian-gcc | 1.0.6 | 6.00 | 77.61 | 83.61 | NOTE | |
r-devel-linux-x86_64-fedora-clang | 1.0.6 | 204.58 | OK | |||
r-devel-linux-x86_64-fedora-gcc | 1.0.6 | 205.98 | OK | |||
r-devel-macos-arm64 | 1.0.6 | 76.00 | OK | |||
r-devel-macos-x86_64 | 1.0.6 | 140.00 | OK | |||
r-devel-windows-x86_64 | 1.0.6 | 11.00 | 126.00 | 137.00 | NOTE | |
r-patched-linux-x86_64 | 1.0.6 | 15.04 | 107.93 | 122.97 | OK | |
r-release-linux-x86_64 | 1.0.6 | 10.51 | 109.75 | 120.26 | OK | |
r-release-macos-arm64 | 1.0.6 | 65.00 | OK | |||
r-release-macos-x86_64 | 1.0.6 | 116.00 | OK | |||
r-release-windows-x86_64 | 1.0.6 | 12.00 | 132.00 | 144.00 | OK | |
r-oldrel-macos-arm64 | 1.0.6 | 78.00 | OK | |||
r-oldrel-macos-x86_64 | 1.0.6 | 131.00 | OK | |||
r-oldrel-windows-x86_64 | 1.0.6 | 15.00 | 155.00 | 170.00 | OK |
Version: 1.0.6
Check: Rd cross-references
Result: NOTE
Found the following Rd file(s) with Rd \link{} targets missing package
anchors:
proc_print.Rd: reporter
proc_reg.Rd: v
Please provide package anchors for all Rd \link{} targets not in the
package itself and the base packages.
Flavors: r-devel-linux-x86_64-debian-clang, r-devel-linux-x86_64-debian-gcc, r-devel-windows-x86_64
These binaries (installable software) and packages are in development.
They may not be fully stable and should be used with caution. We make no claims about them.