CRAN Package Check Results for Package procs

Last updated on 2025-07-02 01:51:46 CEST.

Flavor Version Tinstall Tcheck Ttotal Status Flags
r-devel-linux-x86_64-debian-clang 1.0.6 10.53 119.73 130.26 NOTE
r-devel-linux-x86_64-debian-gcc 1.0.6 6.60 80.52 87.12 NOTE
r-devel-linux-x86_64-fedora-clang 1.0.6 205.56 OK
r-devel-linux-x86_64-fedora-gcc 1.0.6 203.93 OK
r-devel-windows-x86_64 1.0.6 11.00 131.00 142.00 NOTE
r-patched-linux-x86_64 NOTE
r-release-linux-x86_64 1.0.6 9.51 110.07 119.58 NOTE
r-release-macos-arm64 1.0.6 70.00 OK
r-release-macos-x86_64 1.0.6 140.00 OK
r-release-windows-x86_64 1.0.6 12.00 126.00 138.00 NOTE
r-oldrel-macos-arm64 1.0.6 65.00 OK
r-oldrel-macos-x86_64 1.0.6 116.00 OK
r-oldrel-windows-x86_64 1.0.6 15.00 161.00 176.00 OK

Check Details

Version: 1.0.6
Check: Rd cross-references
Result: NOTE Found the following Rd file(s) with Rd \link{} targets missing package anchors: proc_print.Rd: reporter proc_reg.Rd: v Please provide package anchors for all Rd \link{} targets not in the package itself and the base packages. Flavors: r-devel-linux-x86_64-debian-clang, r-devel-linux-x86_64-debian-gcc, r-devel-windows-x86_64, r-patched-linux-x86_64, r-release-linux-x86_64, r-release-windows-x86_64

These binaries (installable software) and packages are in development.
They may not be fully stable and should be used with caution. We make no claims about them.