Last updated on 2025-10-23 21:51:37 CEST.
Flavor | Version | Tinstall | Tcheck | Ttotal | Status | Flags |
---|---|---|---|---|---|---|
r-devel-linux-x86_64-debian-clang | 0.2.2 | 5.32 | 46.15 | 51.47 | NOTE | |
r-devel-linux-x86_64-debian-gcc | 0.2.2 | 3.85 | 34.94 | 38.79 | OK | |
r-devel-linux-x86_64-fedora-clang | 0.2.2 | 11.00 | 66.49 | 77.49 | OK | |
r-devel-linux-x86_64-fedora-gcc | 0.2.2 | 10.00 | 68.75 | 78.75 | OK | |
r-devel-windows-x86_64 | 0.2.2 | 8.00 | 61.00 | 69.00 | OK | |
r-patched-linux-x86_64 | 0.2.2 | 5.23 | 43.73 | 48.96 | OK | |
r-release-linux-x86_64 | 0.2.2 | 5.00 | 43.62 | 48.62 | OK | |
r-release-macos-arm64 | 0.2.2 | 3.00 | 24.00 | 27.00 | OK | |
r-release-macos-x86_64 | 0.2.2 | 4.00 | 40.00 | 44.00 | OK | |
r-release-windows-x86_64 | 0.2.2 | 8.00 | 62.00 | 70.00 | OK | |
r-oldrel-macos-arm64 | 0.2.2 | 2.00 | 192.00 | 194.00 | OK | |
r-oldrel-macos-x86_64 | 0.2.2 | 3.00 | 201.00 | 204.00 | OK | |
r-oldrel-windows-x86_64 | 0.2.2 | 9.00 | 75.00 | 84.00 | OK |
Version: 0.2.2
Check: HTML version of manual
Result: NOTE
Found the following HTML validation problems:
install_go.html:56:1 (install_go.Rd:15): Warning: missing </ul> before </div>
Flavor: r-devel-linux-x86_64-debian-clang
These binaries (installable software) and packages are in development.
They may not be fully stable and should be used with caution. We make no claims about them.