CRAN Package Check Results for Package profile

Last updated on 2025-05-21 23:48:51 CEST.

Flavor Version Tinstall Tcheck Ttotal Status Flags
r-devel-linux-x86_64-debian-clang 1.0.3 4.21 39.38 43.59 NOTE
r-devel-linux-x86_64-debian-gcc 1.0.3 2.60 29.17 31.77 NOTE
r-devel-linux-x86_64-fedora-clang 1.0.3 65.93 OK
r-devel-linux-x86_64-fedora-gcc 1.0.3 63.26 OK
r-devel-windows-x86_64 1.0.3 6.00 65.00 71.00 NOTE
r-patched-linux-x86_64 1.0.3 3.66 36.07 39.73 NOTE
r-release-linux-x86_64 1.0.3 4.05 36.09 40.14 NOTE
r-release-macos-arm64 1.0.3 23.00 OK
r-release-macos-x86_64 1.0.3 59.00 OK
r-release-windows-x86_64 1.0.3 6.00 69.00 75.00 NOTE
r-oldrel-macos-arm64 1.0.3 23.00 OK
r-oldrel-macos-x86_64 1.0.3 52.00 OK
r-oldrel-windows-x86_64 1.0.3 6.00 63.00 69.00 OK

Check Details

Version: 1.0.3
Check: Rd cross-references
Result: NOTE Found the following Rd file(s) with Rd \link{} targets missing package anchors: validate_profile.Rd: tibble Please provide package anchors for all Rd \link{} targets not in the package itself and the base packages. Flavors: r-devel-linux-x86_64-debian-clang, r-devel-linux-x86_64-debian-gcc, r-devel-windows-x86_64, r-patched-linux-x86_64, r-release-linux-x86_64, r-release-windows-x86_64

These binaries (installable software) and packages are in development.
They may not be fully stable and should be used with caution. We make no claims about them.