Last updated on 2025-10-24 13:49:46 CEST.
| Flavor | Version | Tinstall | Tcheck | Ttotal | Status | Flags |
|---|---|---|---|---|---|---|
| r-devel-linux-x86_64-debian-clang | 0.6.1 | 2.81 | 29.70 | 32.51 | NOTE | |
| r-devel-linux-x86_64-debian-gcc | 0.6.1 | 1.98 | 21.86 | 23.84 | NOTE | |
| r-devel-linux-x86_64-fedora-clang | 0.6.1 | 48.77 | NOTE | |||
| r-devel-linux-x86_64-fedora-gcc | 0.6.1 | 13.00 | 38.63 | 51.63 | NOTE | |
| r-devel-windows-x86_64 | 0.6.1 | 4.00 | 47.00 | 51.00 | NOTE | |
| r-patched-linux-x86_64 | 0.6.1 | 2.85 | 28.19 | 31.04 | NOTE | |
| r-release-linux-x86_64 | 0.6.1 | 2.46 | 28.40 | 30.86 | NOTE | |
| r-release-macos-arm64 | 0.6.1 | 1.00 | 19.00 | 20.00 | NOTE | |
| r-release-macos-x86_64 | 0.6.1 | 4.00 | 40.00 | 44.00 | NOTE | |
| r-release-windows-x86_64 | 0.6.1 | 3.00 | 49.00 | 52.00 | NOTE | |
| r-oldrel-macos-arm64 | 0.6.1 | 2.00 | 21.00 | 23.00 | NOTE | |
| r-oldrel-macos-x86_64 | 0.6.1 | 2.00 | 24.00 | 26.00 | NOTE | |
| r-oldrel-windows-x86_64 | 0.6.1 | 4.00 | 52.00 | 56.00 | NOTE |
Version: 0.6.1
Check: Rd files
Result: NOTE
checkRd: (-1) plot.profileModel.Rd:69: Escaped LaTeX specials: \&
checkRd: (-1) profileModel.Rd:277: Escaped LaTeX specials: \&
Flavors: r-devel-linux-x86_64-debian-clang, r-devel-linux-x86_64-debian-gcc, r-devel-linux-x86_64-fedora-clang, r-devel-linux-x86_64-fedora-gcc, r-devel-windows-x86_64, r-patched-linux-x86_64, r-release-linux-x86_64, r-release-macos-arm64, r-release-macos-x86_64, r-release-windows-x86_64, r-oldrel-macos-arm64, r-oldrel-macos-x86_64, r-oldrel-windows-x86_64
These binaries (installable software) and packages are in development.
They may not be fully stable and should be used with caution. We make no claims about them.