Last updated on 2025-02-16 08:50:57 CET.
Flavor | Version | Tinstall | Tcheck | Ttotal | Status | Flags |
---|---|---|---|---|---|---|
r-devel-linux-x86_64-debian-clang | 0.3-5 | 6.41 | 49.01 | 55.42 | NOTE | |
r-devel-linux-x86_64-debian-gcc | 0.3-5 | 4.74 | 36.60 | 41.34 | NOTE | |
r-devel-linux-x86_64-fedora-clang | 0.3-5 | 88.53 | NOTE | |||
r-devel-linux-x86_64-fedora-gcc | 0.3-5 | 82.53 | NOTE | |||
r-devel-macos-arm64 | 0.3-5 | 29.00 | NOTE | |||
r-devel-macos-x86_64 | 0.3-5 | 52.00 | NOTE | |||
r-devel-windows-x86_64 | 0.3-5 | 8.00 | 69.00 | 77.00 | NOTE | |
r-patched-linux-x86_64 | 0.3-5 | 5.91 | 46.04 | 51.95 | NOTE | |
r-release-linux-x86_64 | 0.3-5 | 5.39 | 46.09 | 51.48 | NOTE | |
r-release-macos-arm64 | 0.3-5 | 27.00 | NOTE | |||
r-release-macos-x86_64 | 0.3-5 | 52.00 | NOTE | |||
r-release-windows-x86_64 | 0.3-5 | 8.00 | 68.00 | 76.00 | NOTE | |
r-oldrel-macos-arm64 | 0.3-5 | 29.00 | OK | |||
r-oldrel-macos-x86_64 | 0.3-5 | 42.00 | OK | |||
r-oldrel-windows-x86_64 | 0.3-5 | 10.00 | 78.00 | 88.00 | OK |
Version: 0.3-5
Check: Rd files
Result: NOTE
checkRd: (-1) PS.Rd:9: Lost braces
9 | \item{CD}{}{Character disorder scale score}
| ^
Flavors: r-devel-linux-x86_64-debian-clang, r-devel-linux-x86_64-debian-gcc, r-devel-linux-x86_64-fedora-clang, r-devel-linux-x86_64-fedora-gcc, r-devel-macos-arm64, r-devel-macos-x86_64, r-devel-windows-x86_64, r-patched-linux-x86_64, r-release-linux-x86_64, r-release-macos-arm64, r-release-macos-x86_64, r-release-windows-x86_64
These binaries (installable software) and packages are in development.
They may not be fully stable and should be used with caution. We make no claims about them.