CRAN Package Check Results for Package profoc

Last updated on 2025-05-08 04:52:14 CEST.

Flavor Version Tinstall Tcheck Ttotal Status Flags
r-devel-linux-x86_64-debian-clang 1.3.3 145.43 223.79 369.22 OK
r-devel-linux-x86_64-debian-gcc 1.3.3 107.99 193.21 301.20 OK
r-devel-linux-x86_64-fedora-clang 1.3.3 605.92 OK
r-devel-linux-x86_64-fedora-gcc 1.3.3 762.48 OK
r-devel-windows-x86_64 1.3.3 167.00 204.00 371.00 OK
r-patched-linux-x86_64 1.3.3 157.58 285.26 442.84 OK
r-release-linux-x86_64 1.3.3 150.75 290.87 441.62 OK
r-release-macos-arm64 1.3.3 143.00 OK
r-release-macos-x86_64 1.3.3 232.00 OK
r-release-windows-x86_64 1.3.3 170.00 205.00 375.00 OK
r-oldrel-macos-arm64 1.3.3 142.00 NOTE
r-oldrel-macos-x86_64 1.3.3 216.00 NOTE
r-oldrel-windows-x86_64 1.3.3 196.00 253.00 449.00 OK

Check Details

Version: 1.3.3
Check: installed package size
Result: NOTE installed size is 15.3Mb sub-directories of 1Mb or more: doc 1.4Mb libs 13.2Mb Flavors: r-oldrel-macos-arm64, r-oldrel-macos-x86_64

These binaries (installable software) and packages are in development.
They may not be fully stable and should be used with caution. We make no claims about them.