Last updated on 2025-10-23 17:50:58 CEST.
Flavor | Version | Tinstall | Tcheck | Ttotal | Status | Flags |
---|---|---|---|---|---|---|
r-devel-linux-x86_64-debian-clang | 1.0-15 | 5.66 | 21.03 | 26.69 | OK | |
r-devel-linux-x86_64-debian-gcc | 1.0-15 | 3.81 | 17.60 | 21.41 | OK | |
r-devel-linux-x86_64-fedora-clang | 1.0-15 | 14.00 | 25.40 | 39.40 | OK | |
r-devel-linux-x86_64-fedora-gcc | 1.0-15 | 23.00 | 17.07 | 40.07 | OK | |
r-devel-windows-x86_64 | 1.0-15 | 21.00 | 180.00 | 201.00 | OK | |
r-patched-linux-x86_64 | 1.0-15 | 4.00 | 19.68 | 23.68 | OK | |
r-release-linux-x86_64 | 1.0-15 | 3.77 | 19.83 | 23.60 | OK | |
r-release-macos-arm64 | 1.0-15 | 11.00 | 19.00 | 30.00 | OK | |
r-release-macos-x86_64 | 1.0-15 | 16.00 | 24.00 | 40.00 | OK | |
r-release-windows-x86_64 | 1.0-15 | 19.00 | 183.00 | 202.00 | OK | |
r-oldrel-macos-arm64 | 1.0-15 | 8.00 | 19.00 | 27.00 | NOTE | |
r-oldrel-macos-x86_64 | 1.0-15 | 19.00 | 26.00 | 45.00 | NOTE | |
r-oldrel-windows-x86_64 | 1.0-15 | 23.00 | 183.00 | 206.00 | NOTE |
Version: 1.0-15
Check: installed package size
Result: NOTE
installed size is 12.8Mb
sub-directories of 1Mb or more:
libs 12.8Mb
Flavors: r-oldrel-macos-arm64, r-oldrel-macos-x86_64, r-oldrel-windows-x86_64
These binaries (installable software) and packages are in development.
They may not be fully stable and should be used with caution. We make no claims about them.