Last updated on 2025-05-08 04:52:14 CEST.
Flavor | Version | Tinstall | Tcheck | Ttotal | Status | Flags |
---|---|---|---|---|---|---|
r-devel-linux-x86_64-debian-clang | 1.0-15 | 5.11 | 19.42 | 24.53 | OK | |
r-devel-linux-x86_64-debian-gcc | 1.0-15 | 3.78 | 15.96 | 19.74 | OK | |
r-devel-linux-x86_64-fedora-clang | 1.0-15 | 38.94 | OK | |||
r-devel-linux-x86_64-fedora-gcc | 1.0-15 | 37.62 | OK | |||
r-devel-windows-x86_64 | 1.0-15 | 18.00 | 179.00 | 197.00 | OK | |
r-patched-linux-x86_64 | 1.0-15 | 3.86 | 18.69 | 22.55 | OK | |
r-release-linux-x86_64 | 1.0-15 | 4.03 | 18.68 | 22.71 | OK | |
r-release-macos-arm64 | 1.0-15 | 30.00 | OK | |||
r-release-macos-x86_64 | 1.0-15 | 40.00 | OK | |||
r-release-windows-x86_64 | 1.0-15 | 19.00 | 183.00 | 202.00 | OK | |
r-oldrel-macos-arm64 | 1.0-15 | 27.00 | NOTE | |||
r-oldrel-macos-x86_64 | 1.0-15 | 45.00 | NOTE | |||
r-oldrel-windows-x86_64 | 1.0-15 | 23.00 | 183.00 | 206.00 | NOTE |
Version: 1.0-15
Check: installed package size
Result: NOTE
installed size is 12.8Mb
sub-directories of 1Mb or more:
libs 12.8Mb
Flavors: r-oldrel-macos-arm64, r-oldrel-macos-x86_64, r-oldrel-windows-x86_64
These binaries (installable software) and packages are in development.
They may not be fully stable and should be used with caution. We make no claims about them.