Last updated on 2025-11-11 15:50:43 CET.
| Flavor | Version | Tinstall | Tcheck | Ttotal | Status | Flags |
|---|---|---|---|---|---|---|
| r-devel-linux-x86_64-debian-clang | 2.1.3 | 5.26 | 50.59 | 55.85 | OK | |
| r-devel-linux-x86_64-debian-gcc | 2.1.3 | 4.00 | 38.15 | 42.15 | OK | |
| r-devel-linux-x86_64-fedora-clang | 2.1.3 | 13.00 | 70.95 | 83.95 | NOTE | |
| r-devel-linux-x86_64-fedora-gcc | 2.1.3 | 13.00 | 67.26 | 80.26 | NOTE | |
| r-devel-windows-x86_64 | 2.1.3 | 7.00 | 65.00 | 72.00 | OK | |
| r-patched-linux-x86_64 | 2.1.3 | 6.19 | 46.75 | 52.94 | OK | |
| r-release-linux-x86_64 | 2.1.3 | 5.57 | 47.25 | 52.82 | OK | |
| r-release-macos-arm64 | 2.1.3 | 3.00 | 26.00 | 29.00 | OK | |
| r-release-macos-x86_64 | 2.1.3 | 7.00 | 88.00 | 95.00 | OK | |
| r-release-windows-x86_64 | 2.1.3 | 7.00 | 65.00 | 72.00 | OK | |
| r-oldrel-macos-arm64 | 2.1.3 | 3.00 | 24.00 | 27.00 | OK | |
| r-oldrel-macos-x86_64 | 2.1.3 | 4.00 | 61.00 | 65.00 | OK | |
| r-oldrel-windows-x86_64 | 2.1.3 | 9.00 | 127.00 | 136.00 | OK |
Version: 2.1.3
Check: dependencies in R code
Result: NOTE
Namespace in Imports field not imported from: ‘methods’
All declared Imports should be used.
Flavors: r-devel-linux-x86_64-fedora-clang, r-devel-linux-x86_64-fedora-gcc
These binaries (installable software) and packages are in development.
They may not be fully stable and should be used with caution. We make no claims about them.