Last updated on 2025-02-19 17:51:00 CET.
Flavor | Version | Tinstall | Tcheck | Ttotal | Status | Flags |
---|---|---|---|---|---|---|
r-devel-linux-x86_64-debian-clang | 2.8.0 | 35.04 | 297.71 | 332.75 | OK | |
r-devel-linux-x86_64-debian-gcc | 2.8.0 | 25.25 | 185.65 | 210.90 | OK | |
r-devel-linux-x86_64-fedora-clang | 2.8.0 | 561.32 | OK | |||
r-devel-linux-x86_64-fedora-gcc | 2.8.0 | 523.48 | OK | |||
r-devel-macos-arm64 | 2.8.0 | 127.00 | OK | |||
r-devel-macos-x86_64 | 2.8.0 | 275.00 | OK | |||
r-devel-windows-x86_64 | 2.8.0 | 38.00 | 284.00 | 322.00 | OK | |
r-patched-linux-x86_64 | 2.8.0 | 35.05 | 283.02 | 318.07 | NOTE | |
r-release-linux-x86_64 | 2.8.0 | 36.08 | 280.78 | 316.86 | NOTE | |
r-release-macos-arm64 | 2.8.0 | 130.00 | NOTE | |||
r-release-macos-x86_64 | 2.8.0 | 266.00 | NOTE | |||
r-release-windows-x86_64 | 2.8.0 | 41.00 | 341.00 | 382.00 | NOTE | |
r-oldrel-macos-arm64 | 2.8.0 | 133.00 | NOTE | |||
r-oldrel-macos-x86_64 | 2.8.0 | 295.00 | NOTE | |||
r-oldrel-windows-x86_64 | 2.8.0 | 50.00 | 421.00 | 471.00 | NOTE |
Version: 2.8.0
Check: package dependencies
Result: NOTE
Package suggested but not available for checking: ‘cmdstanr’
Flavors: r-patched-linux-x86_64, r-release-linux-x86_64, r-release-macos-arm64, r-release-macos-x86_64, r-oldrel-macos-arm64, r-oldrel-macos-x86_64
Version: 2.8.0
Check: package dependencies
Result: NOTE
Packages suggested but not available for checking: 'unix', 'cmdstanr'
Flavors: r-release-windows-x86_64, r-oldrel-windows-x86_64
Version: 2.8.0
Check: installed package size
Result: NOTE
installed size is 5.0Mb
sub-directories of 1Mb or more:
doc 1.4Mb
libs 2.6Mb
Flavor: r-oldrel-macos-x86_64
These binaries (installable software) and packages are in development.
They may not be fully stable and should be used with caution. We make no claims about them.