Last updated on 2025-10-24 11:50:54 CEST.
| Flavor | Version | Tinstall | Tcheck | Ttotal | Status | Flags |
|---|---|---|---|---|---|---|
| r-devel-linux-x86_64-debian-clang | 2.9.0 | 37.62 | 339.14 | 376.76 | OK | |
| r-devel-linux-x86_64-debian-gcc | 2.9.0 | 24.64 | 215.23 | 239.87 | OK | |
| r-devel-linux-x86_64-fedora-clang | 2.9.0 | 493.00 | 194.33 | 687.33 | OK | |
| r-devel-linux-x86_64-fedora-gcc | 2.9.0 | 134.00 | 467.37 | 601.37 | OK | |
| r-devel-windows-x86_64 | 2.9.0 | 46.00 | 310.00 | 356.00 | OK | |
| r-patched-linux-x86_64 | 2.9.0 | 38.86 | 324.63 | 363.49 | OK | |
| r-release-linux-x86_64 | 2.9.0 | 35.27 | 326.06 | 361.33 | OK | |
| r-release-macos-arm64 | 2.9.0 | 14.00 | 116.00 | 130.00 | OK | |
| r-release-macos-x86_64 | 2.9.0 | 26.00 | 310.00 | 336.00 | OK | |
| r-release-windows-x86_64 | 2.9.0 | 47.00 | 320.00 | 367.00 | OK | |
| r-oldrel-macos-arm64 | 2.9.0 | 12.00 | 112.00 | 124.00 | NOTE | |
| r-oldrel-macos-x86_64 | 2.9.0 | 25.00 | 299.00 | 324.00 | NOTE | |
| r-oldrel-windows-x86_64 | 2.9.0 | 54.00 | 433.00 | 487.00 | NOTE |
Version: 2.9.0
Check: package dependencies
Result: NOTE
Package suggested but not available for checking: ‘cmdstanr’
Flavors: r-oldrel-macos-arm64, r-oldrel-macos-x86_64
Version: 2.9.0
Check: installed package size
Result: NOTE
installed size is 5.0Mb
sub-directories of 1Mb or more:
doc 1.4Mb
libs 2.6Mb
Flavors: r-oldrel-macos-arm64, r-oldrel-macos-x86_64
Version: 2.9.0
Check: package dependencies
Result: NOTE
Packages suggested but not available for checking: 'unix', 'cmdstanr'
Flavor: r-oldrel-windows-x86_64
These binaries (installable software) and packages are in development.
They may not be fully stable and should be used with caution. We make no claims about them.