Last updated on 2025-02-16 08:50:57 CET.
Flavor | Version | Tinstall | Tcheck | Ttotal | Status | Flags |
---|---|---|---|---|---|---|
r-devel-linux-x86_64-debian-clang | 0.5.2 | 4.43 | 44.37 | 48.80 | NOTE | |
r-devel-linux-x86_64-debian-gcc | 0.5.2 | 3.44 | 33.25 | 36.69 | NOTE | |
r-devel-linux-x86_64-fedora-clang | 0.5.2 | 75.82 | NOTE | |||
r-devel-linux-x86_64-fedora-gcc | 0.5.2 | 85.12 | NOTE | |||
r-devel-macos-arm64 | 0.5.2 | 36.00 | NOTE | |||
r-devel-macos-x86_64 | 0.5.2 | 85.00 | NOTE | |||
r-devel-windows-x86_64 | 0.5.2 | 5.00 | 68.00 | 73.00 | NOTE | |
r-patched-linux-x86_64 | 0.5.2 | 4.06 | 40.76 | 44.82 | NOTE | |
r-release-linux-x86_64 | 0.5.2 | 4.12 | 40.89 | 45.01 | NOTE | |
r-release-macos-arm64 | 0.5.2 | 42.00 | NOTE | |||
r-release-macos-x86_64 | 0.5.2 | 48.00 | NOTE | |||
r-release-windows-x86_64 | 0.5.2 | 4.00 | 72.00 | 76.00 | NOTE | |
r-oldrel-macos-arm64 | 0.5.2 | 36.00 | OK | |||
r-oldrel-macos-x86_64 | 0.5.2 | 86.00 | OK | |||
r-oldrel-windows-x86_64 | 0.5.2 | 6.00 | 89.00 | 95.00 | OK |
Version: 0.5.2
Check: Rd files
Result: NOTE
checkRd: (-1) prolific_prescreener.Rd:254: Lost braces in \itemize; meant \describe ?
checkRd: (-1) prolific_prescreener.Rd:255: Lost braces in \itemize; meant \describe ?
checkRd: (-1) prolific_study.Rd:95: Lost braces in \itemize; meant \describe ?
checkRd: (-1) prolific_study.Rd:96: Lost braces in \itemize; meant \describe ?
checkRd: (-1) prolific_study.Rd:97: Lost braces in \itemize; meant \describe ?
checkRd: (-1) prolific_study.Rd:109: Lost braces in \itemize; meant \describe ?
checkRd: (-1) prolific_study.Rd:110: Lost braces in \itemize; meant \describe ?
checkRd: (-1) prolific_study.Rd:149: Lost braces in \itemize; meant \describe ?
checkRd: (-1) prolific_study.Rd:150: Lost braces in \itemize; meant \describe ?
checkRd: (-1) prolific_study.Rd:151: Lost braces in \itemize; meant \describe ?
checkRd: (-1) prolific_study.Rd:243: Lost braces in \itemize; meant \describe ?
checkRd: (-1) prolific_study.Rd:244: Lost braces in \itemize; meant \describe ?
Flavors: r-devel-linux-x86_64-debian-clang, r-devel-linux-x86_64-debian-gcc, r-devel-linux-x86_64-fedora-clang, r-devel-linux-x86_64-fedora-gcc, r-devel-macos-arm64, r-devel-macos-x86_64, r-devel-windows-x86_64, r-patched-linux-x86_64, r-release-linux-x86_64, r-release-macos-arm64, r-release-macos-x86_64, r-release-windows-x86_64
These binaries (installable software) and packages are in development.
They may not be fully stable and should be used with caution. We make no claims about them.