Last updated on 2025-05-02 13:50:54 CEST.
Flavor | Version | Tinstall | Tcheck | Ttotal | Status | Flags |
---|---|---|---|---|---|---|
r-devel-linux-x86_64-debian-clang | 0.5.2 | 4.92 | 44.02 | 48.94 | NOTE | |
r-devel-linux-x86_64-debian-gcc | 0.5.2 | 3.58 | 34.73 | 38.31 | NOTE | |
r-devel-linux-x86_64-fedora-clang | 0.5.2 | 74.75 | NOTE | |||
r-devel-linux-x86_64-fedora-gcc | 0.5.2 | 84.47 | NOTE | |||
r-devel-windows-x86_64 | 0.5.2 | 5.00 | 71.00 | 76.00 | NOTE | |
r-patched-linux-x86_64 | 0.5.2 | 5.16 | 42.01 | 47.17 | NOTE | |
r-release-linux-x86_64 | NOTE | |||||
r-release-macos-arm64 | 0.5.2 | 42.00 | NOTE | |||
r-release-macos-x86_64 | 0.5.2 | 62.00 | NOTE | |||
r-release-windows-x86_64 | 0.5.2 | 8.00 | 89.00 | 97.00 | NOTE | |
r-oldrel-macos-arm64 | 0.5.2 | 42.00 | NOTE | |||
r-oldrel-macos-x86_64 | 0.5.2 | 48.00 | NOTE | |||
r-oldrel-windows-x86_64 | 0.5.2 | 5.00 | 79.00 | 84.00 | NOTE |
Version: 0.5.2
Check: Rd files
Result: NOTE
checkRd: (-1) prolific_prescreener.Rd:254: Lost braces in \itemize; meant \describe ?
checkRd: (-1) prolific_prescreener.Rd:255: Lost braces in \itemize; meant \describe ?
checkRd: (-1) prolific_study.Rd:95: Lost braces in \itemize; meant \describe ?
checkRd: (-1) prolific_study.Rd:96: Lost braces in \itemize; meant \describe ?
checkRd: (-1) prolific_study.Rd:97: Lost braces in \itemize; meant \describe ?
checkRd: (-1) prolific_study.Rd:109: Lost braces in \itemize; meant \describe ?
checkRd: (-1) prolific_study.Rd:110: Lost braces in \itemize; meant \describe ?
checkRd: (-1) prolific_study.Rd:149: Lost braces in \itemize; meant \describe ?
checkRd: (-1) prolific_study.Rd:150: Lost braces in \itemize; meant \describe ?
checkRd: (-1) prolific_study.Rd:151: Lost braces in \itemize; meant \describe ?
checkRd: (-1) prolific_study.Rd:243: Lost braces in \itemize; meant \describe ?
checkRd: (-1) prolific_study.Rd:244: Lost braces in \itemize; meant \describe ?
Flavors: r-devel-linux-x86_64-debian-clang, r-devel-linux-x86_64-debian-gcc, r-devel-linux-x86_64-fedora-clang, r-devel-linux-x86_64-fedora-gcc, r-devel-windows-x86_64, r-patched-linux-x86_64, r-release-linux-x86_64, r-release-macos-arm64, r-release-macos-x86_64, r-release-windows-x86_64, r-oldrel-macos-arm64, r-oldrel-macos-x86_64, r-oldrel-windows-x86_64
These binaries (installable software) and packages are in development.
They may not be fully stable and should be used with caution. We make no claims about them.