Last updated on 2025-02-16 08:50:57 CET.
Flavor | Version | Tinstall | Tcheck | Ttotal | Status | Flags |
---|---|---|---|---|---|---|
r-devel-linux-x86_64-debian-clang | 1.9.1.0 | 936.18 | 143.12 | 1079.30 | OK | |
r-devel-linux-x86_64-debian-gcc | 1.9.1.0 | 918.29 | 183.18 | 1101.47 | OK | |
r-devel-linux-x86_64-fedora-clang | 1.9.1.0 | 1741.80 | NOTE | |||
r-devel-linux-x86_64-fedora-gcc | 1.9.1.0 | 2670.09 | NOTE | |||
r-devel-macos-arm64 | 1.9.1.0 | 448.00 | OK | |||
r-devel-macos-x86_64 | 1.9.1.0 | 621.00 | OK | |||
r-devel-windows-x86_64 | 1.9.1.0 | 913.00 | 258.00 | 1171.00 | OK | |
r-patched-linux-x86_64 | 1.9.1.0 | 1125.89 | 239.74 | 1365.63 | NOTE | |
r-release-linux-x86_64 | 1.9.1.0 | 1158.46 | 238.73 | 1397.19 | NOTE | |
r-release-macos-arm64 | 1.9.1.0 | 238.00 | NOTE | |||
r-release-macos-x86_64 | 1.9.1.0 | 195.00 | NOTE | |||
r-release-windows-x86_64 | 1.9.1.0 | 917.00 | 245.00 | 1162.00 | NOTE | |
r-oldrel-macos-arm64 | 1.9.1.0 | 663.00 | NOTE | |||
r-oldrel-macos-x86_64 | 1.9.1.0 | 672.00 | NOTE | |||
r-oldrel-windows-x86_64 | 1.9.1.0 | 1251.00 | 278.00 | 1529.00 | NOTE |
Version: 1.9.1.0
Check: dependencies in R code
Result: NOTE
Namespace in Imports field not imported from: ‘RcppParallel’
All declared Imports should be used.
Flavors: r-devel-linux-x86_64-fedora-clang, r-devel-linux-x86_64-fedora-gcc
Version: 1.9.1.0
Check: for GNU extensions in Makefiles
Result: NOTE
GNU make is a SystemRequirements.
Flavors: r-patched-linux-x86_64, r-release-linux-x86_64, r-release-macos-arm64, r-release-macos-x86_64, r-release-windows-x86_64, r-oldrel-macos-arm64, r-oldrel-macos-x86_64, r-oldrel-windows-x86_64
Version: 1.9.1.0
Check: installed package size
Result: NOTE
installed size is 140.5Mb
sub-directories of 1Mb or more:
libs 140.2Mb
Flavors: r-release-macos-arm64, r-release-macos-x86_64, r-release-windows-x86_64, r-oldrel-macos-arm64, r-oldrel-macos-x86_64, r-oldrel-windows-x86_64
These binaries (installable software) and packages are in development.
They may not be fully stable and should be used with caution. We make no claims about them.