Last updated on 2025-05-03 22:50:04 CEST.
Flavor | Version | Tinstall | Tcheck | Ttotal | Status | Flags |
---|---|---|---|---|---|---|
r-devel-linux-x86_64-debian-clang | 1.9.1.0 | 932.69 | 149.35 | 1082.04 | OK | |
r-devel-linux-x86_64-debian-gcc | 1.9.1.0 | 933.51 | 184.63 | 1118.14 | OK | |
r-devel-linux-x86_64-fedora-clang | 1.9.1.0 | 1719.95 | NOTE | |||
r-devel-linux-x86_64-fedora-gcc | 1.9.1.0 | 2719.19 | NOTE | |||
r-devel-windows-x86_64 | 1.9.1.0 | 1110.00 | 261.00 | 1371.00 | OK | |
r-patched-linux-x86_64 | 1.9.1.0 | 1100.61 | 248.87 | 1349.48 | OK | |
r-release-linux-x86_64 | OK | |||||
r-release-macos-arm64 | 1.9.1.0 | 436.00 | OK | |||
r-release-macos-x86_64 | 1.9.1.0 | 621.00 | OK | |||
r-release-windows-x86_64 | 1.9.1.0 | 1054.00 | 251.00 | 1305.00 | OK | |
r-oldrel-macos-arm64 | 1.9.1.0 | 238.00 | NOTE | |||
r-oldrel-macos-x86_64 | 1.9.1.0 | 195.00 | NOTE | |||
r-oldrel-windows-x86_64 | 1.9.1.0 | 1196.00 | 321.00 | 1517.00 | NOTE |
Version: 1.9.1.0
Check: dependencies in R code
Result: NOTE
Namespace in Imports field not imported from: ‘RcppParallel’
All declared Imports should be used.
Flavors: r-devel-linux-x86_64-fedora-clang, r-devel-linux-x86_64-fedora-gcc
Version: 1.9.1.0
Check: installed package size
Result: NOTE
installed size is 140.5Mb
sub-directories of 1Mb or more:
libs 140.2Mb
Flavors: r-oldrel-macos-arm64, r-oldrel-macos-x86_64, r-oldrel-windows-x86_64
Version: 1.9.1.0
Check: for GNU extensions in Makefiles
Result: NOTE
GNU make is a SystemRequirements.
Flavors: r-oldrel-macos-arm64, r-oldrel-macos-x86_64, r-oldrel-windows-x86_64
These binaries (installable software) and packages are in development.
They may not be fully stable and should be used with caution. We make no claims about them.