Last updated on 2025-10-03 03:50:52 CEST.
Flavor | Version | Tinstall | Tcheck | Ttotal | Status | Flags |
---|---|---|---|---|---|---|
r-devel-linux-x86_64-debian-clang | 1.9.1.0 | 933.73 | 159.08 | 1092.81 | OK | |
r-devel-linux-x86_64-debian-gcc | 1.9.1.0 | 875.48 | 188.18 | 1063.66 | OK | |
r-devel-linux-x86_64-fedora-clang | 1.9.1.0 | 1745.33 | NOTE | |||
r-devel-linux-x86_64-fedora-gcc | 2.0.1.4 | 2796.58 | NOTE | |||
r-devel-windows-x86_64 | 1.9.1.0 | 1082.00 | 266.00 | 1348.00 | OK | |
r-patched-linux-x86_64 | 1.9.1.0 | 1159.44 | 258.22 | 1417.66 | OK | |
r-release-linux-x86_64 | 1.9.1.0 | 1149.96 | 259.10 | 1409.06 | OK | |
r-release-macos-arm64 | 1.9.1.0 | 436.00 | OK | |||
r-release-macos-x86_64 | 2.0.1.4 | 408.00 | OK | |||
r-release-windows-x86_64 | 1.9.1.0 | 1088.00 | 253.00 | 1341.00 | OK | |
r-oldrel-macos-arm64 | 1.9.1.0 | 238.00 | NOTE | |||
r-oldrel-macos-x86_64 | 2.0.1.4 | 408.00 | NOTE | |||
r-oldrel-windows-x86_64 | 2.0.1.4 | 743.00 | 302.00 | 1045.00 | NOTE |
Version: 1.9.1.0
Check: dependencies in R code
Result: NOTE
Namespace in Imports field not imported from: ‘RcppParallel’
All declared Imports should be used.
Flavor: r-devel-linux-x86_64-fedora-clang
Version: 2.0.1.4
Check: dependencies in R code
Result: NOTE
Namespace in Imports field not imported from: ‘RcppParallel’
All declared Imports should be used.
Flavor: r-devel-linux-x86_64-fedora-gcc
Version: 1.9.1.0
Check: installed package size
Result: NOTE
installed size is 140.5Mb
sub-directories of 1Mb or more:
libs 140.2Mb
Flavor: r-oldrel-macos-arm64
Version: 1.9.1.0
Check: for GNU extensions in Makefiles
Result: NOTE
GNU make is a SystemRequirements.
Flavor: r-oldrel-macos-arm64
Version: 2.0.1.4
Check: installed package size
Result: NOTE
installed size is 149.7Mb
sub-directories of 1Mb or more:
libs 149.3Mb
Flavors: r-oldrel-macos-x86_64, r-oldrel-windows-x86_64
Version: 2.0.1.4
Check: for GNU extensions in Makefiles
Result: NOTE
GNU make is a SystemRequirements.
Flavors: r-oldrel-macos-x86_64, r-oldrel-windows-x86_64
These binaries (installable software) and packages are in development.
They may not be fully stable and should be used with caution. We make no claims about them.