Last updated on 2025-10-23 15:50:06 CEST.
Flavor | Version | Tinstall | Tcheck | Ttotal | Status | Flags |
---|---|---|---|---|---|---|
r-devel-linux-x86_64-debian-clang | 1.1.1 | 2.11 | 21.07 | 23.18 | NOTE | |
r-devel-linux-x86_64-debian-gcc | 1.1.1 | 1.58 | 17.55 | 19.13 | NOTE | |
r-devel-linux-x86_64-fedora-clang | 1.1.1 | 33.64 | OK | |||
r-devel-linux-x86_64-fedora-gcc | 1.1.1 | 12.00 | 21.94 | 33.94 | OK | |
r-devel-windows-x86_64 | 1.1.1 | 3.00 | 41.00 | 44.00 | OK | |
r-patched-linux-x86_64 | 1.1.1 | 2.25 | 19.73 | 21.98 | OK | |
r-release-linux-x86_64 | 1.1.1 | 2.13 | 19.79 | 21.92 | OK | |
r-release-macos-arm64 | 1.1.1 | 1.00 | 18.00 | 19.00 | OK | |
r-release-macos-x86_64 | 1.1.1 | 2.00 | 23.00 | 25.00 | OK | |
r-release-windows-x86_64 | 1.1.1 | 4.00 | 43.00 | 47.00 | OK | |
r-oldrel-macos-arm64 | 1.1.1 | 1.00 | 15.00 | 16.00 | OK | |
r-oldrel-macos-x86_64 | 1.1.1 | 2.00 | 19.00 | 21.00 | OK | |
r-oldrel-windows-x86_64 | 1.1.1 | 4.00 | 46.00 | 50.00 | OK |
Version: 1.1.1
Check: CRAN incoming feasibility
Result: NOTE
Maintainer: ‘Paul E. Promote <promotedev@alteryx.com>’
No Authors@R field in DESCRIPTION.
Please add one, modifying
Authors@R: person(given = c("Paul", "E."),
family = "Promote",
role = c("aut", "cre"),
email = "promotedev@alteryx.com")
as necessary.
Flavors: r-devel-linux-x86_64-debian-clang, r-devel-linux-x86_64-debian-gcc
Version: 1.1.1
Check: HTML version of manual
Result: NOTE
Found the following HTML validation problems:
add.dependency.html:78:1 (add.dependency.Rd:27): Warning: missing </ul> before </div>
add.metadata.html:54:1 (add.metadata.Rd:14): Warning: missing </ul> before </div>
capture.src.html:50:1 (capture.src.Rd:12): Warning: missing </ul> before </div>
is.https.html:48:1 (is.https.Rd:11): Warning: missing </ul> before </div>
promote.get.html:50:1 (promote.get.Rd:12): Warning: missing </ul> before </div>
promote.post.html:64:1 (promote.post.Rd:20): Warning: missing </ul> before </div>
promote.spider.block.html:51:1 (promote.spider.block.Rd:13): Warning: missing </ul> before </div>
promote.spider.func.html:46:1 (promote.spider.func.Rd:10): Warning: missing </ul> before </div>
Flavor: r-devel-linux-x86_64-debian-clang
These binaries (installable software) and packages are in development.
They may not be fully stable and should be used with caution. We make no claims about them.