Last updated on 2025-05-29 03:49:55 CEST.
Flavor | Version | Tinstall | Tcheck | Ttotal | Status | Flags |
---|---|---|---|---|---|---|
r-devel-linux-x86_64-debian-clang | 1.0.2 | 2.47 | 28.26 | 30.73 | NOTE | |
r-devel-linux-x86_64-debian-gcc | 1.0.2 | 1.86 | 22.62 | 24.48 | NOTE | |
r-devel-linux-x86_64-fedora-clang | 1.0.2 | 47.19 | OK | |||
r-devel-linux-x86_64-fedora-gcc | 1.0.2 | 44.35 | OK | |||
r-devel-windows-x86_64 | 1.0.2 | 5.00 | 57.00 | 62.00 | OK | |
r-patched-linux-x86_64 | 1.0.2 | 2.72 | 26.07 | 28.79 | OK | |
r-release-linux-x86_64 | 1.0.2 | 2.45 | 26.33 | 28.78 | OK | |
r-release-macos-arm64 | 1.0.2 | 22.00 | OK | |||
r-release-macos-x86_64 | 1.0.2 | 34.00 | OK | |||
r-release-windows-x86_64 | 1.0.2 | 4.00 | 56.00 | 60.00 | OK | |
r-oldrel-macos-arm64 | 1.0.2 | 21.00 | OK | |||
r-oldrel-macos-x86_64 | 1.0.2 | 27.00 | OK | |||
r-oldrel-windows-x86_64 | 1.0.2 | 5.00 | 65.00 | 70.00 | OK |
Version: 1.0.2
Check: CRAN incoming feasibility
Result: NOTE
Maintainer: ‘Gábor Csárdi <csardi.gabor@gmail.com>’
No Authors@R field in DESCRIPTION.
Please add one, modifying
Authors@R: person(given = "Gábor",
family = "Csárdi",
role = c("aut", "cre"),
email = "csardi.gabor@gmail.com")
as necessary.
Flavors: r-devel-linux-x86_64-debian-clang, r-devel-linux-x86_64-debian-gcc
These binaries (installable software) and packages are in development.
They may not be fully stable and should be used with caution. We make no claims about them.