Last updated on 2025-02-16 08:50:57 CET.
Flavor | Version | Tinstall | Tcheck | Ttotal | Status | Flags |
---|---|---|---|---|---|---|
r-devel-linux-x86_64-debian-clang | 0.1.3 | 1.80 | 19.69 | 21.49 | NOTE | |
r-devel-linux-x86_64-debian-gcc | 0.1.3 | 1.51 | 16.69 | 18.20 | NOTE | |
r-devel-linux-x86_64-fedora-clang | 0.1.3 | 34.68 | NOTE | |||
r-devel-linux-x86_64-fedora-gcc | 0.1.3 | 33.12 | NOTE | |||
r-devel-macos-arm64 | 0.1.3 | 18.00 | OK | |||
r-devel-macos-x86_64 | 0.1.3 | 27.00 | NOTE | |||
r-devel-windows-x86_64 | 0.1.3 | 3.00 | 49.00 | 52.00 | NOTE | |
r-patched-linux-x86_64 | 0.1.3 | 1.92 | 18.79 | 20.71 | OK | |
r-release-linux-x86_64 | 0.1.3 | 1.70 | 18.92 | 20.62 | OK | |
r-release-macos-arm64 | 0.1.3 | 16.00 | OK | |||
r-release-macos-x86_64 | 0.1.3 | 21.00 | OK | |||
r-release-windows-x86_64 | 0.1.3 | 3.00 | 55.00 | 58.00 | OK | |
r-oldrel-macos-arm64 | 0.1.3 | 16.00 | OK | |||
r-oldrel-macos-x86_64 | 0.1.3 | 22.00 | OK | |||
r-oldrel-windows-x86_64 | 0.1.3 | 3.00 | 71.00 | 74.00 | OK |
Version: 0.1.3
Check: DESCRIPTION meta-information
Result: NOTE
Missing dependency on R >= 4.1.0 because package code uses the pipe
|> or function shorthand \(...) syntax added in R 4.1.0.
File(s) using such syntax:
‘build_url.R’
Flavors: r-devel-linux-x86_64-debian-clang, r-devel-linux-x86_64-debian-gcc, r-devel-linux-x86_64-fedora-clang, r-devel-linux-x86_64-fedora-gcc, r-devel-macos-x86_64, r-devel-windows-x86_64
These binaries (installable software) and packages are in development.
They may not be fully stable and should be used with caution. We make no claims about them.