Last updated on 2025-02-16 08:50:57 CET.
Flavor | Version | Tinstall | Tcheck | Ttotal | Status | Flags |
---|---|---|---|---|---|---|
r-devel-linux-x86_64-debian-clang | 1.0-6 | 16.79 | 79.38 | 96.17 | NOTE | |
r-devel-linux-x86_64-debian-gcc | 1.0-6 | 12.88 | 57.11 | 69.99 | NOTE | |
r-devel-linux-x86_64-fedora-clang | 1.0-6 | 160.11 | OK | |||
r-devel-linux-x86_64-fedora-gcc | 1.0-6 | 151.10 | OK | |||
r-devel-macos-arm64 | 1.0-6 | 47.00 | OK | |||
r-devel-macos-x86_64 | 1.0-6 | 82.00 | OK | |||
r-devel-windows-x86_64 | 1.0-6 | 22.00 | 132.00 | 154.00 | NOTE | |
r-patched-linux-x86_64 | 1.0-6 | 19.52 | 75.38 | 94.90 | OK | |
r-release-linux-x86_64 | 1.0-6 | 14.68 | 73.76 | 88.44 | OK | |
r-release-macos-arm64 | 1.0-6 | 47.00 | OK | |||
r-release-macos-x86_64 | 1.0-6 | 65.00 | OK | |||
r-release-windows-x86_64 | 1.0-6 | 24.00 | 126.00 | 150.00 | OK | |
r-oldrel-macos-arm64 | 1.0-6 | 54.00 | OK | |||
r-oldrel-macos-x86_64 | 1.0-6 | 81.00 | OK | |||
r-oldrel-windows-x86_64 | 1.0-6 | 29.00 | 145.00 | 174.00 | OK |
Version: 1.0-6
Check: Rd cross-references
Result: NOTE
Found the following Rd file(s) with Rd \link{} targets missing package
anchors:
fitDistr.Rd: nls.lm
predictNLS.Rd: rtmvt
Please provide package anchors for all Rd \link{} targets not in the
package itself and the base packages.
Flavors: r-devel-linux-x86_64-debian-clang, r-devel-linux-x86_64-debian-gcc, r-devel-windows-x86_64
These binaries (installable software) and packages are in development.
They may not be fully stable and should be used with caution. We make no claims about them.