CRAN Package Check Results for Package prophet

Last updated on 2025-10-23 11:50:23 CEST.

Flavor Version Tinstall Tcheck Ttotal Status Flags
r-devel-linux-x86_64-debian-clang 1.0 128.68 255.28 383.96 NOTE
r-devel-linux-x86_64-debian-gcc 1.0 112.54 187.21 299.75 OK
r-devel-linux-x86_64-fedora-clang 1.0 276.00 350.90 626.90 NOTE
r-devel-linux-x86_64-fedora-gcc 1.0 594.00 135.57 729.57 NOTE
r-devel-windows-x86_64 1.0 152.00 257.00 409.00 OK
r-patched-linux-x86_64 1.0 152.80 268.83 421.63 OK
r-release-linux-x86_64 1.0 140.20 272.05 412.25 OK
r-release-macos-arm64 1.0 53.00 106.00 159.00 OK
r-release-macos-x86_64 1.0 137.00 285.00 422.00 OK
r-release-windows-x86_64 1.0 151.00 249.00 400.00 OK
r-oldrel-macos-arm64 1.0 28.00 70.00 98.00 NOTE
r-oldrel-macos-x86_64 1.0 54.00 127.00 181.00 NOTE
r-oldrel-windows-x86_64 1.0 180.00 323.00 503.00 NOTE

Check Details

Version: 1.0
Check: HTML version of manual
Result: NOTE Found the following HTML validation problems: df_for_plotting.html:50:1 (df_for_plotting.Rd:12): Warning: missing </ul> before </div> fit.prophet.html:62:1 (fit.prophet.Rd:15): Warning: missing </ul> before </div> validate_column_name.html:68:1 (validate_column_name.Rd:24): Warning: missing </ul> before </div> Flavor: r-devel-linux-x86_64-debian-clang

Version: 1.0
Check: dependencies in R code
Result: NOTE Namespaces in Imports field not imported from: ‘StanHeaders’ ‘methods’ ‘rstantools’ All declared Imports should be used. Flavors: r-devel-linux-x86_64-fedora-clang, r-devel-linux-x86_64-fedora-gcc

Version: 1.0
Check: installed package size
Result: NOTE installed size is 49.5Mb sub-directories of 1Mb or more: libs 48.8Mb Flavors: r-oldrel-macos-arm64, r-oldrel-macos-x86_64

Version: 1.0
Check: for GNU extensions in Makefiles
Result: NOTE GNU make is a SystemRequirements. Flavors: r-oldrel-macos-arm64, r-oldrel-macos-x86_64, r-oldrel-windows-x86_64

These binaries (installable software) and packages are in development.
They may not be fully stable and should be used with caution. We make no claims about them.