Last updated on 2024-07-27 15:50:29 CEST.
Flavor | Version | Tinstall | Tcheck | Ttotal | Status | Flags |
---|---|---|---|---|---|---|
r-devel-linux-x86_64-debian-clang | 0.7.9 | 44.28 | 111.42 | 155.70 | OK | |
r-devel-linux-x86_64-debian-gcc | 0.7.9 | OK | ||||
r-devel-linux-x86_64-fedora-clang | 0.7.9 | 230.06 | NOTE | |||
r-devel-linux-x86_64-fedora-gcc | 0.7.9 | 215.53 | OK | |||
r-devel-windows-x86_64 | 0.7.9 | 35.00 | 195.00 | 230.00 | OK | |
r-patched-linux-x86_64 | 0.7.9 | OK | ||||
r-release-linux-x86_64 | 0.7.9 | 38.55 | 104.38 | 142.93 | OK | |
r-release-macos-arm64 | 0.7.9 | 70.00 | NOTE | |||
r-release-macos-x86_64 | 0.7.9 | 144.00 | NOTE | |||
r-release-windows-x86_64 | 0.7.9 | 46.00 | 194.00 | 240.00 | OK | |
r-oldrel-macos-arm64 | 0.7.9 | 95.00 | NOTE | |||
r-oldrel-macos-x86_64 | 0.7.9 | 189.00 | NOTE | |||
r-oldrel-windows-x86_64 | 0.7.9 | 38.00 | 193.00 | 231.00 | OK |
Version: 0.7.9
Check: Rd cross-references
Result: NOTE
Undeclared package ‘XML’ in Rd xrefs
Flavor: r-devel-linux-x86_64-fedora-clang
Version: 0.7.9
Check: installed package size
Result: NOTE
installed size is 6.6Mb
sub-directories of 1Mb or more:
data 2.3Mb
libs 3.2Mb
Flavors: r-release-macos-arm64, r-release-macos-x86_64, r-oldrel-macos-arm64, r-oldrel-macos-x86_64
These binaries (installable software) and packages are in development.
They may not be fully stable and should be used with caution. We make no claims about them.