Last updated on 2025-02-16 08:50:57 CET.
Flavor | Version | Tinstall | Tcheck | Ttotal | Status | Flags |
---|---|---|---|---|---|---|
r-devel-linux-x86_64-debian-clang | 0.7.9 | 31.58 | 84.10 | 115.68 | OK | |
r-devel-linux-x86_64-debian-gcc | 0.7.9 | 24.38 | 62.67 | 87.05 | OK | |
r-devel-linux-x86_64-fedora-clang | 0.7.9 | 199.06 | OK | |||
r-devel-linux-x86_64-fedora-gcc | 0.7.9 | 214.13 | OK | |||
r-devel-macos-arm64 | 0.7.9 | 72.00 | OK | |||
r-devel-macos-x86_64 | 0.7.9 | 173.00 | OK | |||
r-devel-windows-x86_64 | 0.7.9 | 34.00 | 197.00 | 231.00 | OK | |
r-patched-linux-x86_64 | 0.7.9 | 33.38 | 80.20 | 113.58 | OK | |
r-release-linux-x86_64 | 0.7.9 | 32.81 | 80.89 | 113.70 | OK | |
r-release-macos-arm64 | 0.7.9 | 70.00 | NOTE | |||
r-release-macos-x86_64 | 0.7.9 | 144.00 | NOTE | |||
r-release-windows-x86_64 | 0.7.9 | 35.00 | 209.00 | 244.00 | OK | |
r-oldrel-macos-arm64 | 0.7.9 | 95.00 | NOTE | |||
r-oldrel-macos-x86_64 | 0.7.9 | 189.00 | NOTE | |||
r-oldrel-windows-x86_64 | 0.7.9 | 34.00 | 191.00 | 225.00 | OK |
Version: 0.7.9
Check: installed package size
Result: NOTE
installed size is 6.6Mb
sub-directories of 1Mb or more:
data 2.3Mb
libs 3.2Mb
Flavors: r-release-macos-arm64, r-release-macos-x86_64, r-oldrel-macos-arm64, r-oldrel-macos-x86_64
These binaries (installable software) and packages are in development.
They may not be fully stable and should be used with caution. We make no claims about them.