CRAN Package Check Results for Package protag

Last updated on 2025-02-16 08:50:57 CET.

Flavor Version Tinstall Tcheck Ttotal Status Flags
r-devel-linux-x86_64-debian-clang 1.0.0 5.15 53.76 58.91 OK
r-devel-linux-x86_64-debian-gcc 1.0.0 3.37 38.27 41.64 OK
r-devel-linux-x86_64-fedora-clang 1.0.0 91.54 NOTE
r-devel-linux-x86_64-fedora-gcc 1.0.0 84.56 NOTE
r-devel-macos-arm64 1.0.0 29.00 OK
r-devel-macos-x86_64 1.0.0 51.00 OK
r-devel-windows-x86_64 1.0.0 7.00 66.00 73.00 OK
r-patched-linux-x86_64 1.0.0 4.86 48.17 53.03 OK
r-release-linux-x86_64 1.0.0 4.31 47.68 51.99 OK
r-release-macos-arm64 1.0.0 27.00 OK
r-release-macos-x86_64 1.0.0 40.00 OK
r-release-windows-x86_64 1.0.0 6.00 66.00 72.00 OK
r-oldrel-macos-arm64 1.0.0 30.00 OK
r-oldrel-macos-x86_64 1.0.0 46.00 OK
r-oldrel-windows-x86_64 1.0.0 8.00 74.00 82.00 OK

Check Details

Version: 1.0.0
Check: dependencies in R code
Result: NOTE Namespaces in Imports field not imported from: ‘RColorBrewer’ ‘grDevices’ All declared Imports should be used. Flavors: r-devel-linux-x86_64-fedora-clang, r-devel-linux-x86_64-fedora-gcc

These binaries (installable software) and packages are in development.
They may not be fully stable and should be used with caution. We make no claims about them.