Last updated on 2025-07-26 00:49:13 CEST.
Flavor | Version | Tinstall | Tcheck | Ttotal | Status | Flags |
---|---|---|---|---|---|---|
r-devel-linux-x86_64-debian-clang | 1.0.0 | 5.74 | 56.61 | 62.35 | OK | |
r-devel-linux-x86_64-debian-gcc | 1.0.0 | 3.61 | 41.27 | 44.88 | OK | |
r-devel-linux-x86_64-fedora-clang | 1.0.0 | 99.95 | NOTE | |||
r-devel-linux-x86_64-fedora-gcc | 1.0.0 | 91.80 | NOTE | |||
r-devel-windows-x86_64 | 1.0.0 | 7.00 | 75.00 | 82.00 | OK | |
r-patched-linux-x86_64 | 1.0.0 | 5.08 | 52.46 | 57.54 | OK | |
r-release-linux-x86_64 | 1.0.0 | 5.24 | 53.12 | 58.36 | OK | |
r-release-macos-arm64 | 1.0.0 | 29.00 | OK | |||
r-release-macos-x86_64 | 1.0.0 | 61.00 | OK | |||
r-release-windows-x86_64 | 1.0.0 | 8.00 | 69.00 | 77.00 | OK | |
r-oldrel-macos-arm64 | 1.0.0 | 27.00 | OK | |||
r-oldrel-macos-x86_64 | 1.0.0 | 40.00 | OK | |||
r-oldrel-windows-x86_64 | 1.0.0 | 10.00 | 83.00 | 93.00 | OK |
Version: 1.0.0
Check: dependencies in R code
Result: NOTE
Namespaces in Imports field not imported from:
‘RColorBrewer’ ‘grDevices’
All declared Imports should be used.
Flavors: r-devel-linux-x86_64-fedora-clang, r-devel-linux-x86_64-fedora-gcc
These binaries (installable software) and packages are in development.
They may not be fully stable and should be used with caution. We make no claims about them.