Last updated on 2025-05-01 08:52:42 CEST.
Flavor | Version | Tinstall | Tcheck | Ttotal | Status | Flags |
---|---|---|---|---|---|---|
r-devel-linux-x86_64-debian-clang | 2.3.1 | 42.06 | 27.40 | 69.46 | OK | |
r-devel-linux-x86_64-debian-gcc | 2.3.1 | 36.07 | 22.12 | 58.19 | OK | |
r-devel-linux-x86_64-fedora-clang | 2.3.1 | 136.42 | OK | |||
r-devel-linux-x86_64-fedora-gcc | 2.3.1 | 143.04 | OK | |||
r-devel-windows-x86_64 | 2.3.1 | 61.00 | 89.00 | 150.00 | OK | |
r-patched-linux-x86_64 | 2.3.1 | 45.25 | 26.56 | 71.81 | OK | |
r-release-linux-x86_64 | OK | |||||
r-release-macos-arm64 | 2.3.1 | 41.00 | OK | |||
r-release-macos-x86_64 | 2.3.1 | 48.00 | OK | |||
r-release-windows-x86_64 | 2.3.1 | 63.00 | 90.00 | 153.00 | OK | |
r-oldrel-macos-arm64 | 2.3.1 | 46.00 | NOTE | |||
r-oldrel-macos-x86_64 | 2.3.1 | 71.00 | NOTE | |||
r-oldrel-windows-x86_64 | 2.3.1 | 61.00 | 99.00 | 160.00 | OK |
Version: 2.3.1
Check: installed package size
Result: NOTE
installed size is 22.1Mb
sub-directories of 1Mb or more:
libs 22.0Mb
Flavors: r-oldrel-macos-arm64, r-oldrel-macos-x86_64
These binaries (installable software) and packages are in development.
They may not be fully stable and should be used with caution. We make no claims about them.