CRAN Package Check Results for Package protoshiny

Last updated on 2025-10-23 21:51:37 CEST.

Flavor Version Tinstall Tcheck Ttotal Status Flags
r-devel-linux-x86_64-debian-clang 0.1.1 4.42 39.67 44.09 NOTE
r-devel-linux-x86_64-debian-gcc 0.1.1 3.11 30.44 33.55 OK
r-devel-linux-x86_64-fedora-clang 0.1.1 67.11 OK
r-devel-linux-x86_64-fedora-gcc 0.1.1 19.00 49.72 68.72 OK
r-devel-windows-x86_64 0.1.1 7.00 58.00 65.00 OK
r-patched-linux-x86_64 0.1.1 4.40 37.78 42.18 OK
r-release-linux-x86_64 0.1.1 3.81 37.47 41.28 OK
r-release-macos-arm64 0.1.1 2.00 20.00 22.00 OK
r-release-macos-x86_64 0.1.1 4.00 39.00 43.00 OK
r-release-windows-x86_64 0.1.1 7.00 59.00 66.00 OK
r-oldrel-macos-arm64 0.1.1 2.00 27.00 29.00 OK
r-oldrel-macos-x86_64 0.1.1 3.00 45.00 48.00 OK
r-oldrel-windows-x86_64 0.1.1 8.00 68.00 76.00 OK

Check Details

Version: 0.1.1
Check: HTML version of manual
Result: NOTE Found the following HTML validation problems: dynGraph.html:46:1 (dynGraph.Rd:10): Warning: missing </ul> before </div> fixUploadedFilesNames.html:46:1 (fixUploadedFilesNames.Rd:10): Warning: missing </ul> before </div> get_cut_from_merge_id.html:57:1 (get_cut_from_merge_id.Rd:17): Warning: missing </ul> before </div> get_paths_from_cut.html:54:1 (get_paths_from_cut.Rd:13): Warning: missing </ul> before </div> load_obj.html:46:1 (load_obj.Rd:10): Warning: missing </ul> before </div> protoclust_to_json.html:46:1 (protoclust_to_json.Rd:10): Warning: missing </ul> before </div> selectJS.html:46:1 (selectJS.Rd:10): Warning: missing </ul> before </div> Flavor: r-devel-linux-x86_64-debian-clang

These binaries (installable software) and packages are in development.
They may not be fully stable and should be used with caution. We make no claims about them.