CRAN Package Check Results for Package protoshiny

Last updated on 2025-07-04 17:54:42 CEST.

Flavor Version Tinstall Tcheck Ttotal Status Flags
r-devel-linux-x86_64-debian-clang 0.1.0 3.91 38.45 42.36 NOTE
r-devel-linux-x86_64-debian-gcc 0.1.0 2.91 29.05 31.96 NOTE
r-devel-linux-x86_64-fedora-clang 0.1.0 72.18 OK
r-devel-linux-x86_64-fedora-gcc 0.1.0 62.80 OK
r-devel-windows-x86_64 0.1.0 6.00 58.00 64.00 NOTE
r-patched-linux-x86_64 0.1.0 4.29 36.30 40.59 NOTE
r-release-linux-x86_64 0.1.0 3.88 35.86 39.74 NOTE
r-release-macos-arm64 0.1.0 24.00 OK
r-release-macos-x86_64 0.1.0 56.00 OK
r-release-windows-x86_64 0.1.0 7.00 58.00 65.00 NOTE
r-oldrel-macos-arm64 0.1.0 24.00 OK
r-oldrel-macos-x86_64 0.1.0 34.00 OK
r-oldrel-windows-x86_64 0.1.0 9.00 67.00 76.00 OK

Check Details

Version: 0.1.0
Check: Rd cross-references
Result: NOTE Found the following Rd file(s) with Rd \link{} targets missing package anchors: as.protoclust.Rd: protoclust Please provide package anchors for all Rd \link{} targets not in the package itself and the base packages. Flavors: r-devel-linux-x86_64-debian-clang, r-devel-linux-x86_64-debian-gcc, r-devel-windows-x86_64, r-patched-linux-x86_64, r-release-linux-x86_64, r-release-windows-x86_64

These binaries (installable software) and packages are in development.
They may not be fully stable and should be used with caution. We make no claims about them.