Last updated on 2025-02-16 08:50:57 CET.
Flavor | Version | Tinstall | Tcheck | Ttotal | Status | Flags |
---|---|---|---|---|---|---|
r-devel-linux-x86_64-debian-clang | 0.9.1 | 20.08 | 208.15 | 228.23 | OK | |
r-devel-linux-x86_64-debian-gcc | 0.9.1 | 13.21 | 134.72 | 147.93 | OK | |
r-devel-linux-x86_64-fedora-clang | 0.9.1 | 394.94 | OK | |||
r-devel-linux-x86_64-fedora-gcc | 0.9.1 | 361.90 | OK | |||
r-devel-macos-arm64 | 0.9.1 | 105.00 | OK | |||
r-devel-macos-x86_64 | 0.9.1 | 379.00 | OK | |||
r-devel-windows-x86_64 | 0.9.1 | 20.00 | 204.00 | 224.00 | OK | |
r-patched-linux-x86_64 | 0.9.1 | 21.53 | 188.98 | 210.51 | OK | |
r-release-linux-x86_64 | 0.9.1 | 19.09 | 189.11 | 208.20 | OK | |
r-release-macos-arm64 | 0.9.1 | 101.00 | OK | |||
r-release-macos-x86_64 | 0.9.1 | 161.00 | OK | |||
r-release-windows-x86_64 | 0.9.1 | 21.00 | 214.00 | 235.00 | OK | |
r-oldrel-macos-arm64 | 0.9.1 | 96.00 | NOTE | |||
r-oldrel-macos-x86_64 | 0.9.1 | 159.00 | NOTE | |||
r-oldrel-windows-x86_64 | 0.9.1 | 30.00 | 253.00 | 283.00 | OK |
Version: 0.9.1
Check: package dependencies
Result: NOTE
Package suggested but not available for checking: ‘proDA’
Flavors: r-oldrel-macos-arm64, r-oldrel-macos-x86_64
These binaries (installable software) and packages are in development.
They may not be fully stable and should be used with caution. We make no claims about them.