Last updated on 2025-02-16 08:50:57 CET.
Flavor | Version | Tinstall | Tcheck | Ttotal | Status | Flags |
---|---|---|---|---|---|---|
r-devel-linux-x86_64-debian-clang | 0.4.0 | 7.07 | 52.75 | 59.82 | NOTE | |
r-devel-linux-x86_64-debian-gcc | 0.4.0 | 4.59 | 37.62 | 42.21 | NOTE | |
r-devel-linux-x86_64-fedora-clang | 0.4.0 | 96.80 | NOTE | |||
r-devel-linux-x86_64-fedora-gcc | 0.4.0 | 101.62 | NOTE | |||
r-devel-macos-arm64 | 0.4.0 | 42.00 | NOTE | |||
r-devel-macos-x86_64 | 0.4.0 | 74.00 | NOTE | |||
r-devel-windows-x86_64 | 0.4.0 | 9.00 | 73.00 | 82.00 | NOTE | |
r-patched-linux-x86_64 | 0.4.0 | 5.87 | 49.04 | 54.91 | NOTE | |
r-release-linux-x86_64 | 0.4.0 | 5.66 | 50.11 | 55.77 | NOTE | |
r-release-macos-arm64 | 0.4.0 | 37.00 | NOTE | |||
r-release-macos-x86_64 | 0.4.0 | 121.00 | NOTE | |||
r-release-windows-x86_64 | 0.4.0 | 8.00 | 75.00 | 83.00 | NOTE | |
r-oldrel-macos-arm64 | 0.4.0 | 38.00 | OK | |||
r-oldrel-macos-x86_64 | 0.4.0 | 54.00 | OK | |||
r-oldrel-windows-x86_64 | 0.4.0 | 12.00 | 94.00 | 106.00 | OK |
Version: 0.4.0
Check: Rd files
Result: NOTE
checkRd: (-1) pr_stem_sentences.Rd:20: Lost braces; missing escapes or markup?
20 | Implementation of the {SnowballC} stemmer. Note that punctuation and capital letters
| ^
checkRd: (-1) pr_stem_words.Rd:20: Lost braces; missing escapes or markup?
20 | Implementation of the {SnowballC} stemmer. Note that punctuation and capitals letters
| ^
checkRd: (-1) proust_sentiments.Rd:7: Lost braces; missing escapes or markup?
7 | See the {rfeel} package now: http://github.com/ColinFay/rfeel}
| ^
checkRd: (-1) proust_sentiments.Rd:20: Lost braces; missing escapes or markup?
20 | See the {rfeel} package now: http://github.com/ColinFay/rfeel
| ^
Flavors: r-devel-linux-x86_64-debian-clang, r-devel-linux-x86_64-debian-gcc, r-devel-linux-x86_64-fedora-clang, r-devel-linux-x86_64-fedora-gcc, r-devel-macos-arm64, r-devel-macos-x86_64, r-devel-windows-x86_64, r-patched-linux-x86_64, r-release-linux-x86_64, r-release-macos-arm64, r-release-macos-x86_64, r-release-windows-x86_64
These binaries (installable software) and packages are in development.
They may not be fully stable and should be used with caution. We make no claims about them.