Last updated on 2025-02-16 08:50:57 CET.
Flavor | Version | Tinstall | Tcheck | Ttotal | Status | Flags |
---|---|---|---|---|---|---|
r-devel-linux-x86_64-debian-clang | 1.0.1 | 2.88 | 47.10 | 49.98 | OK | |
r-devel-linux-x86_64-debian-gcc | 1.0.1 | 2.21 | 33.17 | 35.38 | OK | |
r-devel-linux-x86_64-fedora-clang | 1.0.1 | 85.40 | OK | |||
r-devel-linux-x86_64-fedora-gcc | 1.0.1 | 91.35 | OK | |||
r-devel-macos-arm64 | 1.0.1 | 40.00 | OK | |||
r-devel-macos-x86_64 | 1.0.1 | 76.00 | OK | |||
r-devel-windows-x86_64 | 1.0.1 | 5.00 | 75.00 | 80.00 | OK | |
r-patched-linux-x86_64 | 1.0.1 | 3.19 | 43.58 | 46.77 | NOTE | |
r-release-linux-x86_64 | 1.0.1 | 2.77 | 43.72 | 46.49 | NOTE | |
r-release-macos-arm64 | 1.0.1 | 40.00 | NOTE | |||
r-release-macos-x86_64 | 1.0.1 | 52.00 | NOTE | |||
r-release-windows-x86_64 | 1.0.1 | 5.00 | 72.00 | 77.00 | NOTE | |
r-oldrel-macos-arm64 | 1.0.1 | 35.00 | NOTE | |||
r-oldrel-macos-x86_64 | 1.0.1 | 50.00 | NOTE | |||
r-oldrel-windows-x86_64 | 1.0.1 | 6.00 | 81.00 | 87.00 | NOTE |
Version: 1.0.1
Check: package dependencies
Result: NOTE
Package suggested but not available for checking: ‘rdt’
Flavors: r-patched-linux-x86_64, r-release-linux-x86_64, r-release-macos-arm64, r-release-macos-x86_64, r-release-windows-x86_64, r-oldrel-macos-arm64, r-oldrel-macos-x86_64, r-oldrel-windows-x86_64
These binaries (installable software) and packages are in development.
They may not be fully stable and should be used with caution. We make no claims about them.