Last updated on 2025-10-03 03:50:52 CEST.
Flavor | Version | Tinstall | Tcheck | Ttotal | Status | Flags |
---|---|---|---|---|---|---|
r-devel-linux-x86_64-debian-clang | 1.0.1 | 2.97 | 49.98 | 52.95 | OK | |
r-devel-linux-x86_64-debian-gcc | 1.0.1 | 2.35 | 35.06 | 37.41 | OK | |
r-devel-linux-x86_64-fedora-clang | 1.0.1 | 83.41 | OK | |||
r-devel-linux-x86_64-fedora-gcc | 1.0.1 | 94.75 | OK | |||
r-devel-windows-x86_64 | 1.0.1 | 6.00 | 73.00 | 79.00 | OK | |
r-patched-linux-x86_64 | 1.0.1 | 3.45 | 47.09 | 50.54 | OK | |
r-release-linux-x86_64 | 1.0.1 | 3.16 | 47.18 | 50.34 | OK | |
r-release-macos-arm64 | 1.0.1 | 47.00 | OK | |||
r-release-macos-x86_64 | 1.0.1 | 69.00 | OK | |||
r-release-windows-x86_64 | 1.0.1 | 5.00 | 71.00 | 76.00 | OK | |
r-oldrel-macos-arm64 | 1.0.1 | 40.00 | NOTE | |||
r-oldrel-macos-x86_64 | 1.0.1 | 52.00 | NOTE | |||
r-oldrel-windows-x86_64 | 1.0.1 | 9.00 | 83.00 | 92.00 | NOTE |
Version: 1.0.1
Check: package dependencies
Result: NOTE
Package suggested but not available for checking: ‘rdt’
Flavors: r-oldrel-macos-arm64, r-oldrel-macos-x86_64, r-oldrel-windows-x86_64
These binaries (installable software) and packages are in development.
They may not be fully stable and should be used with caution. We make no claims about them.