Last updated on 2025-07-02 01:51:47 CEST.
Flavor | Version | Tinstall | Tcheck | Ttotal | Status | Flags |
---|---|---|---|---|---|---|
r-devel-linux-x86_64-debian-clang | 1.0.1 | 3.42 | 48.56 | 51.98 | OK | |
r-devel-linux-x86_64-debian-gcc | 1.0.1 | 2.34 | 34.72 | 37.06 | OK | |
r-devel-linux-x86_64-fedora-clang | 1.0.1 | 84.23 | OK | |||
r-devel-linux-x86_64-fedora-gcc | 1.0.1 | 90.74 | OK | |||
r-devel-windows-x86_64 | 1.0.1 | 6.00 | 74.00 | 80.00 | OK | |
r-patched-linux-x86_64 | OK | |||||
r-release-linux-x86_64 | 1.0.1 | 3.01 | 45.01 | 48.02 | OK | |
r-release-macos-arm64 | 1.0.1 | 47.00 | OK | |||
r-release-macos-x86_64 | 1.0.1 | 69.00 | OK | |||
r-release-windows-x86_64 | 1.0.1 | 6.00 | 71.00 | 77.00 | OK | |
r-oldrel-macos-arm64 | 1.0.1 | 40.00 | NOTE | |||
r-oldrel-macos-x86_64 | 1.0.1 | 52.00 | NOTE | |||
r-oldrel-windows-x86_64 | 1.0.1 | 6.00 | 83.00 | 89.00 | NOTE |
Version: 1.0.1
Check: package dependencies
Result: NOTE
Package suggested but not available for checking: ‘rdt’
Flavors: r-oldrel-macos-arm64, r-oldrel-macos-x86_64, r-oldrel-windows-x86_64
These binaries (installable software) and packages are in development.
They may not be fully stable and should be used with caution. We make no claims about them.