CRAN Package Check Results for Package provDebugR

Last updated on 2025-05-08 04:52:14 CEST.

Flavor Version Tinstall Tcheck Ttotal Status Flags
r-devel-linux-x86_64-debian-clang 1.0.1 3.41 47.70 51.11 OK
r-devel-linux-x86_64-debian-gcc 1.0.1 2.41 33.74 36.15 OK
r-devel-linux-x86_64-fedora-clang 1.0.1 83.58 OK
r-devel-linux-x86_64-fedora-gcc 1.0.1 93.68 OK
r-devel-windows-x86_64 1.0.1 6.00 70.00 76.00 OK
r-patched-linux-x86_64 1.0.1 3.46 45.39 48.85 OK
r-release-linux-x86_64 1.0.1 3.40 44.49 47.89 OK
r-release-macos-arm64 1.0.1 47.00 OK
r-release-macos-x86_64 1.0.1 69.00 OK
r-release-windows-x86_64 1.0.1 6.00 81.00 87.00 OK
r-oldrel-macos-arm64 1.0.1 40.00 NOTE
r-oldrel-macos-x86_64 1.0.1 52.00 NOTE
r-oldrel-windows-x86_64 1.0.1 6.00 81.00 87.00 NOTE

Check Details

Version: 1.0.1
Check: package dependencies
Result: NOTE Package suggested but not available for checking: ‘rdt’ Flavors: r-oldrel-macos-arm64, r-oldrel-macos-x86_64, r-oldrel-windows-x86_64

These binaries (installable software) and packages are in development.
They may not be fully stable and should be used with caution. We make no claims about them.