Last updated on 2025-05-02 13:50:54 CEST.
Flavor | Version | Tinstall | Tcheck | Ttotal | Status | Flags |
---|---|---|---|---|---|---|
r-devel-linux-x86_64-debian-clang | 1.5.1 | 2.13 | 23.06 | 25.19 | OK | |
r-devel-linux-x86_64-debian-gcc | 1.5.1 | 1.57 | 18.45 | 20.02 | OK | |
r-devel-linux-x86_64-fedora-clang | 1.5.1 | 42.26 | OK | |||
r-devel-linux-x86_64-fedora-gcc | 1.5.1 | 54.71 | OK | |||
r-devel-windows-x86_64 | 1.5.1 | 4.00 | 45.00 | 49.00 | OK | |
r-patched-linux-x86_64 | 1.5.1 | 2.04 | 22.18 | 24.22 | OK | |
r-release-linux-x86_64 | OK | |||||
r-release-macos-arm64 | 1.5.1 | 30.00 | OK | |||
r-release-macos-x86_64 | 1.5.1 | 39.00 | OK | |||
r-release-windows-x86_64 | 1.5.1 | 4.00 | 51.00 | 55.00 | OK | |
r-oldrel-macos-arm64 | 1.5.1 | 84.00 | NOTE | |||
r-oldrel-macos-x86_64 | 1.5.1 | 36.00 | NOTE | |||
r-oldrel-windows-x86_64 | 1.5.1 | 3.00 | 46.00 | 49.00 | NOTE |
Version: 1.5.1
Check: package dependencies
Result: NOTE
Package suggested but not available for checking: ‘rdt’
Flavors: r-oldrel-macos-arm64, r-oldrel-macos-x86_64, r-oldrel-windows-x86_64
These binaries (installable software) and packages are in development.
They may not be fully stable and should be used with caution. We make no claims about them.