CRAN Package Check Results for Package provSummarizeR

Last updated on 2025-02-23 07:52:04 CET.

Flavor Version Tinstall Tcheck Ttotal Status Flags
r-devel-linux-x86_64-debian-clang 1.5.1 2.21 22.72 24.93 OK
r-devel-linux-x86_64-debian-gcc 1.5.1 1.51 18.16 19.67 OK
r-devel-linux-x86_64-fedora-clang 1.5.1 42.62 OK
r-devel-linux-x86_64-fedora-gcc 1.5.1 55.41 OK
r-devel-macos-arm64 1.5.1 24.00 OK
r-devel-macos-x86_64 1.5.1 39.00 OK
r-devel-windows-x86_64 1.5.1 3.00 45.00 48.00 OK
r-patched-linux-x86_64 1.5.1 2.09 21.61 23.70 NOTE
r-release-linux-x86_64 1.5.1 1.68 21.80 23.48 NOTE
r-release-macos-arm64 1.5.1 84.00 NOTE
r-release-macos-x86_64 1.5.1 36.00 NOTE
r-release-windows-x86_64 1.5.1 4.00 44.00 48.00 NOTE
r-oldrel-macos-arm64 1.5.1 23.00 NOTE
r-oldrel-macos-x86_64 1.5.1 33.00 NOTE
r-oldrel-windows-x86_64 1.5.1 4.00 45.00 49.00 NOTE

Check Details

Version: 1.5.1
Check: package dependencies
Result: NOTE Package suggested but not available for checking: ‘rdt’ Flavors: r-patched-linux-x86_64, r-release-linux-x86_64, r-release-macos-arm64, r-release-macos-x86_64, r-release-windows-x86_64, r-oldrel-macos-arm64, r-oldrel-macos-x86_64, r-oldrel-windows-x86_64

These binaries (installable software) and packages are in development.
They may not be fully stable and should be used with caution. We make no claims about them.