CRAN Package Check Results for Package provTraceR

Last updated on 2025-05-22 06:51:54 CEST.

Flavor Version Tinstall Tcheck Ttotal Status Flags
r-devel-linux-x86_64-debian-clang 1.0 1.90 22.58 24.48 OK
r-devel-linux-x86_64-debian-gcc 1.0 1.66 18.32 19.98 OK
r-devel-linux-x86_64-fedora-clang 1.0 41.86 OK
r-devel-linux-x86_64-fedora-gcc 1.0 51.78 OK
r-devel-windows-x86_64 1.0 4.00 58.00 62.00 OK
r-patched-linux-x86_64 1.0 2.00 21.54 23.54 OK
r-release-linux-x86_64 1.0 1.98 21.44 23.42 OK
r-release-macos-arm64 1.0 30.00 OK
r-release-macos-x86_64 1.0 39.00 OK
r-release-windows-x86_64 1.0 3.00 76.00 79.00 OK
r-oldrel-macos-arm64 1.0 84.00 NOTE
r-oldrel-macos-x86_64 1.0 34.00 NOTE
r-oldrel-windows-x86_64 1.0 3.00 49.00 52.00 NOTE

Check Details

Version: 1.0
Check: package dependencies
Result: NOTE Package suggested but not available for checking: ‘rdt’ Flavors: r-oldrel-macos-arm64, r-oldrel-macos-x86_64, r-oldrel-windows-x86_64

Version: 1.0
Check: LazyData
Result: NOTE 'LazyData' is specified without a 'data' directory Flavors: r-oldrel-macos-arm64, r-oldrel-macos-x86_64, r-oldrel-windows-x86_64

These binaries (installable software) and packages are in development.
They may not be fully stable and should be used with caution. We make no claims about them.