Last updated on 2025-07-01 11:49:27 CEST.
Flavor | Version | Tinstall | Tcheck | Ttotal | Status | Flags |
---|---|---|---|---|---|---|
r-devel-linux-x86_64-debian-clang | 1.0.9 | 1.71 | 16.87 | 18.58 | OK | |
r-devel-linux-x86_64-debian-gcc | 1.0.9 | 1.43 | 14.83 | 16.26 | OK | |
r-devel-linux-x86_64-fedora-clang | 1.0.9 | 30.36 | OK | |||
r-devel-linux-x86_64-fedora-gcc | 1.0.9 | 28.94 | OK | |||
r-devel-windows-x86_64 | 1.0.9 | 3.00 | 39.00 | 42.00 | OK | |
r-patched-linux-x86_64 | OK | |||||
r-release-linux-x86_64 | 1.0.9 | 1.70 | 15.62 | 17.32 | OK | |
r-release-macos-arm64 | 1.0.9 | 14.00 | OK | |||
r-release-macos-x86_64 | 1.0.9 | 22.00 | OK | |||
r-release-windows-x86_64 | 1.0.9 | 2.00 | 40.00 | 42.00 | OK | |
r-oldrel-macos-arm64 | 1.0.9 | 15.00 | NOTE | |||
r-oldrel-macos-x86_64 | 1.0.9 | 19.00 | NOTE | |||
r-oldrel-windows-x86_64 | 1.0.9 | 3.00 | 40.00 | 43.00 | NOTE |
Version: 1.0.9
Check: package dependencies
Result: NOTE
Package suggested but not available for checking: ‘rdt’
Flavors: r-oldrel-macos-arm64, r-oldrel-macos-x86_64, r-oldrel-windows-x86_64
These binaries (installable software) and packages are in development.
They may not be fully stable and should be used with caution. We make no claims about them.