Last updated on 2025-05-02 02:51:03 CEST.
Flavor | Version | Tinstall | Tcheck | Ttotal | Status | Flags |
---|---|---|---|---|---|---|
r-devel-linux-x86_64-debian-clang | 1.0.9 | 1.93 | 16.47 | 18.40 | OK | |
r-devel-linux-x86_64-debian-gcc | 1.0.9 | 1.41 | 13.74 | 15.15 | OK | |
r-devel-linux-x86_64-fedora-clang | 1.0.9 | 29.78 | OK | |||
r-devel-linux-x86_64-fedora-gcc | 1.0.9 | 29.31 | OK | |||
r-devel-windows-x86_64 | 1.0.9 | 3.00 | 46.00 | 49.00 | OK | |
r-patched-linux-x86_64 | 1.0.9 | 1.78 | 15.89 | 17.67 | OK | |
r-release-linux-x86_64 | OK | |||||
r-release-macos-arm64 | 1.0.9 | 14.00 | OK | |||
r-release-macos-x86_64 | 1.0.9 | 22.00 | OK | |||
r-release-windows-x86_64 | 1.0.9 | 3.00 | 43.00 | 46.00 | OK | |
r-oldrel-macos-arm64 | 1.0.9 | 15.00 | NOTE | |||
r-oldrel-macos-x86_64 | 1.0.9 | 19.00 | NOTE | |||
r-oldrel-windows-x86_64 | 1.0.9 | 3.00 | 38.00 | 41.00 | NOTE |
Version: 1.0.9
Check: package dependencies
Result: NOTE
Package suggested but not available for checking: ‘rdt’
Flavors: r-oldrel-macos-arm64, r-oldrel-macos-x86_64, r-oldrel-windows-x86_64
These binaries (installable software) and packages are in development.
They may not be fully stable and should be used with caution. We make no claims about them.