Last updated on 2025-02-19 17:51:00 CET.
Flavor | Version | Tinstall | Tcheck | Ttotal | Status | Flags |
---|---|---|---|---|---|---|
r-devel-linux-x86_64-debian-clang | 0.4.1 | 59.86 | 66.13 | 125.99 | NOTE | |
r-devel-linux-x86_64-debian-gcc | 0.4.1 | 46.29 | 48.85 | 95.14 | NOTE | |
r-devel-linux-x86_64-fedora-clang | 0.4.1 | 226.98 | OK | |||
r-devel-linux-x86_64-fedora-gcc | 0.4.1 | 240.35 | OK | |||
r-devel-macos-arm64 | 0.4.1 | 59.00 | OK | |||
r-devel-macos-x86_64 | 0.4.1 | 133.00 | OK | |||
r-devel-windows-x86_64 | 0.4.1 | 65.00 | 99.00 | 164.00 | NOTE | |
r-patched-linux-x86_64 | 0.4.1 | 66.26 | 62.67 | 128.93 | OK | |
r-release-linux-x86_64 | 0.4.1 | 60.90 | 62.09 | 122.99 | OK | |
r-release-macos-arm64 | 0.4.1 | 74.00 | OK | |||
r-release-macos-x86_64 | 0.4.1 | 80.00 | OK | |||
r-release-windows-x86_64 | 0.4.1 | 64.00 | 97.00 | 161.00 | OK | |
r-oldrel-macos-arm64 | 0.4.1 | 67.00 | OK | |||
r-oldrel-macos-x86_64 | 0.4.1 | 159.00 | OK | |||
r-oldrel-windows-x86_64 | 0.4.1 | 79.00 | 135.00 | 214.00 | OK |
Version: 0.4.1
Check: Rd cross-references
Result: NOTE
Found the following Rd file(s) with Rd \link{} targets missing package
anchors:
colSds.Rd: Matrix
colZeros.Rd: Matrix
simil.Rd: Matrix, CsparseMatrix-class
Please provide package anchors for all Rd \link{} targets not in the
package itself and the base packages.
Flavors: r-devel-linux-x86_64-debian-clang, r-devel-linux-x86_64-debian-gcc, r-devel-windows-x86_64
These binaries (installable software) and packages are in development.
They may not be fully stable and should be used with caution. We make no claims about them.